Last updated on 2021-07-01 01:49:04 CEST.
Flavor | Version | Tinstall | Tcheck | Ttotal | Status | Flags |
---|---|---|---|---|---|---|
r-devel-linux-x86_64-debian-clang | 0.1.0 | 331.04 | 79.27 | 410.31 | OK | |
r-devel-linux-x86_64-debian-gcc | 0.1.0 | 323.34 | 77.88 | 401.22 | OK | |
r-devel-linux-x86_64-fedora-clang | 0.1.0 | 592.94 | NOTE | |||
r-devel-linux-x86_64-fedora-gcc | 0.1.0 | 685.52 | OK | |||
r-devel-windows-x86_64 | 0.1.0 | 316.00 | 141.00 | 457.00 | OK | |
r-devel-windows-x86_64-gcc10-UCRT | 0.1.0 | OK | ||||
r-patched-linux-x86_64 | 0.1.0 | 364.31 | 97.83 | 462.14 | OK | |
r-patched-solaris-x86 | 0.1.0 | 633.00 | WARN | |||
r-release-linux-x86_64 | 0.1.0 | 354.81 | 97.35 | 452.16 | OK | |
r-release-macos-arm64 | 0.1.0 | NOTE | ||||
r-release-macos-x86_64 | 0.1.0 | NOTE | ||||
r-release-windows-ix86+x86_64 | 0.1.0 | 742.00 | 167.00 | 909.00 | OK | |
r-oldrel-macos-x86_64 | 0.1.0 | NOTE | ||||
r-oldrel-windows-ix86+x86_64 | 0.1.0 | 876.00 | 175.00 | 1051.00 | OK |
Version: 0.1.0
Check: installed package size
Result: NOTE
installed size is 64.8Mb
sub-directories of 1Mb or more:
libs 64.4Mb
Flavors: r-devel-linux-x86_64-fedora-clang, r-release-macos-arm64, r-release-macos-x86_64, r-oldrel-macos-x86_64
Version: 0.1.0
Check: re-building of vignette outputs
Result: WARN
Error(s) in re-building vignettes:
...
--- re-building ‘abess-guide.Rmd’ using rmarkdown
Warning in engine$weave(file, quiet = quiet, encoding = enc) :
Pandoc (>= 1.12.3) not available. Falling back to R Markdown v1.
*** caught segfault ***
address 384, cause 'memory not mapped'
Flavor: r-patched-solaris-x86