CRAN Package Check Results for Package accucor

Last updated on 2021-07-01 01:49:04 CEST.

Flavor Version Tinstall Tcheck Ttotal Status Flags
r-devel-linux-x86_64-debian-clang 0.2.4 6.06 158.04 164.10 OK
r-devel-linux-x86_64-debian-gcc 0.2.4 3.76 115.06 118.82 OK
r-devel-linux-x86_64-fedora-clang 0.2.4 199.65 NOTE
r-devel-linux-x86_64-fedora-gcc 0.2.4 187.35 NOTE
r-devel-windows-x86_64 0.2.4 12.00 189.00 201.00 OK
r-devel-windows-x86_64-gcc10-UCRT 0.2.4 NOTE
r-patched-linux-x86_64 0.2.4 5.84 149.19 155.03 OK
r-patched-solaris-x86 0.2.4 235.80 NOTE
r-release-linux-x86_64 0.2.4 4.27 147.85 152.12 OK
r-release-macos-arm64 0.2.4 NOTE
r-release-macos-x86_64 0.2.4 NOTE
r-release-windows-ix86+x86_64 0.2.4 13.00 189.00 202.00 OK
r-oldrel-macos-x86_64 0.2.4 NOTE
r-oldrel-windows-ix86+x86_64 0.2.4 12.00 167.00 179.00 OK

Check Details

Version: 0.2.4
Check: dependencies in R code
Result: NOTE
    Namespace in Imports field not imported from: ‘gsubfn’
     All declared Imports should be used.
Flavors: r-devel-linux-x86_64-fedora-clang, r-devel-linux-x86_64-fedora-gcc, r-devel-windows-x86_64-gcc10-UCRT, r-patched-solaris-x86, r-release-macos-arm64, r-release-macos-x86_64, r-oldrel-macos-x86_64