CRAN Package Check Results for Package actel

Last updated on 2021-07-01 01:49:04 CEST.

Flavor Version Tinstall Tcheck Ttotal Status Flags
r-devel-linux-x86_64-debian-clang 1.2.1 25.17 192.70 217.87 OK
r-devel-linux-x86_64-debian-gcc 1.2.1 19.56 138.61 158.17 OK
r-devel-linux-x86_64-fedora-clang 1.2.1 255.57 NOTE
r-devel-linux-x86_64-fedora-gcc 1.2.1 251.44 NOTE
r-devel-windows-x86_64 1.2.1 34.00 228.00 262.00 OK
r-devel-windows-x86_64-gcc10-UCRT 1.2.1 NOTE
r-patched-linux-x86_64 1.2.1 25.71 182.78 208.49 OK
r-release-linux-x86_64 1.2.1 19.59 181.50 201.09 OK
r-release-macos-arm64 1.2.1 NOTE
r-release-macos-x86_64 1.2.1 NOTE
r-release-windows-ix86+x86_64 1.2.1 42.00 210.00 252.00 OK
r-oldrel-macos-x86_64 1.2.1 NOTE
r-oldrel-windows-ix86+x86_64 1.2.1 41.00 188.00 229.00 OK

Check Details

Version: 1.2.1
Check: installed package size
Result: NOTE
     installed size is 5.0Mb
     sub-directories of 1Mb or more:
     doc 3.7Mb
Flavors: r-devel-linux-x86_64-fedora-clang, r-release-macos-arm64, r-release-macos-x86_64, r-oldrel-macos-x86_64

Version: 1.2.1
Check: dependencies in R code
Result: NOTE
    Namespace in Imports field not imported from: ‘svglite’
     All declared Imports should be used.
Flavors: r-devel-linux-x86_64-fedora-clang, r-devel-linux-x86_64-fedora-gcc, r-devel-windows-x86_64-gcc10-UCRT, r-release-macos-arm64, r-release-macos-x86_64, r-oldrel-macos-x86_64

Version: 1.2.1
Check: package dependencies
Result: NOTE
    Packages suggested but not available for checking:
     'rgdal', 'RGtk2', 'gWidgets2RGtk2'
Flavor: r-release-macos-arm64