Last updated on 2021-07-01 01:49:05 CEST.
Flavor | Version | Tinstall | Tcheck | Ttotal | Status | Flags |
---|---|---|---|---|---|---|
r-devel-linux-x86_64-debian-clang | 0.4.0 | 4.00 | 34.56 | 38.56 | NOTE | |
r-devel-linux-x86_64-debian-gcc | 0.4.0 | 2.88 | 27.09 | 29.97 | NOTE | |
r-devel-linux-x86_64-fedora-clang | 0.4.0 | 53.79 | NOTE | |||
r-devel-linux-x86_64-fedora-gcc | 0.4.0 | 43.92 | NOTE | |||
r-devel-windows-x86_64 | 0.4.0 | 11.00 | 54.00 | 65.00 | NOTE | |
r-devel-windows-x86_64-gcc10-UCRT | 0.4.0 | NOTE | ||||
r-patched-linux-x86_64 | 0.4.0 | 3.26 | 32.82 | 36.08 | NOTE | |
r-patched-solaris-x86 | 0.4.0 | 68.90 | NOTE | |||
r-release-linux-x86_64 | 0.4.0 | 3.41 | 33.14 | 36.55 | NOTE | |
r-release-macos-arm64 | 0.4.0 | NOTE | ||||
r-release-macos-x86_64 | 0.4.0 | NOTE | ||||
r-release-windows-ix86+x86_64 | 0.4.0 | 26.00 | 55.00 | 81.00 | NOTE | |
r-oldrel-macos-x86_64 | 0.4.0 | OK | ||||
r-oldrel-windows-ix86+x86_64 | 0.4.0 | 10.00 | 43.00 | 53.00 | OK |
Version: 0.4.0
Check: LazyData
Result: NOTE
'LazyData' is specified without a 'data' directory
Flavors: r-devel-linux-x86_64-debian-clang, r-devel-linux-x86_64-debian-gcc, r-devel-linux-x86_64-fedora-clang, r-devel-linux-x86_64-fedora-gcc, r-devel-windows-x86_64, r-devel-windows-x86_64-gcc10-UCRT, r-patched-linux-x86_64, r-patched-solaris-x86, r-release-linux-x86_64, r-release-macos-arm64, r-release-macos-x86_64, r-release-windows-ix86+x86_64