CRAN Package Check Results for Package adklakedata

Last updated on 2021-07-01 01:49:05 CEST.

Flavor Version Tinstall Tcheck Ttotal Status Flags
r-devel-linux-x86_64-debian-clang 0.6.1 2.15 26.13 28.28 NOTE
r-devel-linux-x86_64-debian-gcc 0.6.1 1.63 20.54 22.17 NOTE
r-devel-linux-x86_64-fedora-clang 0.6.1 42.64 NOTE
r-devel-linux-x86_64-fedora-gcc 0.6.1 32.24 NOTE
r-devel-windows-x86_64 0.6.1 3.00 43.00 46.00 NOTE
r-devel-windows-x86_64-gcc10-UCRT 0.6.1 NOTE
r-patched-linux-x86_64 0.6.1 2.18 25.25 27.43 NOTE
r-patched-solaris-x86 0.6.1 51.10 NOTE
r-release-linux-x86_64 0.6.1 2.11 25.24 27.35 NOTE
r-release-macos-arm64 0.6.1 ERROR
r-release-macos-x86_64 0.6.1 NOTE
r-release-windows-ix86+x86_64 0.6.1 16.00 43.00 59.00 NOTE
r-oldrel-macos-x86_64 0.6.1 OK
r-oldrel-windows-ix86+x86_64 0.6.1 5.00 37.00 42.00 OK

Check Details

Version: 0.6.1
Check: LazyData
Result: NOTE
     'LazyData' is specified without a 'data' directory
Flavors: r-devel-linux-x86_64-debian-clang, r-devel-linux-x86_64-debian-gcc, r-devel-linux-x86_64-fedora-clang, r-devel-linux-x86_64-fedora-gcc, r-devel-windows-x86_64, r-devel-windows-x86_64-gcc10-UCRT, r-patched-linux-x86_64, r-patched-solaris-x86, r-release-linux-x86_64, r-release-macos-arm64, r-release-macos-x86_64, r-release-windows-ix86+x86_64

Version: 0.6.1
Check: package dependencies
Result: NOTE
    Package suggested but not available for checking: ‘sf’
Flavor: r-release-macos-arm64

Version: 0.6.1
Check: examples
Result: ERROR
    Running examples in ‘adklakedata-Ex.R’ failed
    The error most likely occurred in:
    
    > ### Name: adk_lake_shapes
    > ### Title: Return path to Lake Polygons Shapefile
    > ### Aliases: adk_lake_shapes
    >
    > ### ** Examples
    >
    > library(sf)
    Error in library(sf) : there is no package called ‘sf’
    Execution halted
Flavor: r-release-macos-arm64