CRAN Package Check Results for Package algorithmia

Last updated on 2021-07-01 01:49:05 CEST.

Flavor Version Tinstall Tcheck Ttotal Status Flags
r-devel-linux-x86_64-debian-clang 0.3.0 3.98 28.52 32.50 NOTE
r-devel-linux-x86_64-debian-gcc 0.3.0 3.86 22.12 25.98 NOTE
r-devel-linux-x86_64-fedora-clang 0.3.0 48.36 NOTE
r-devel-linux-x86_64-fedora-gcc 0.3.0 38.62 NOTE
r-devel-windows-x86_64 0.3.0 10.00 45.00 55.00 NOTE
r-devel-windows-x86_64-gcc10-UCRT 0.3.0 NOTE
r-patched-linux-x86_64 0.3.0 4.89 27.21 32.10 NOTE
r-patched-solaris-x86 0.3.0 57.80 NOTE
r-release-linux-x86_64 0.3.0 3.61 27.49 31.10 NOTE
r-release-macos-arm64 0.3.0 NOTE
r-release-macos-x86_64 0.3.0 NOTE
r-release-windows-ix86+x86_64 0.3.0 21.00 42.00 63.00 NOTE
r-oldrel-macos-x86_64 0.3.0 OK
r-oldrel-windows-ix86+x86_64 0.3.0 11.00 42.00 53.00 OK

Check Details

Version: 0.3.0
Check: LazyData
Result: NOTE
     'LazyData' is specified without a 'data' directory
Flavors: r-devel-linux-x86_64-debian-clang, r-devel-linux-x86_64-debian-gcc, r-devel-linux-x86_64-fedora-clang, r-devel-linux-x86_64-fedora-gcc, r-devel-windows-x86_64, r-devel-windows-x86_64-gcc10-UCRT, r-patched-linux-x86_64, r-patched-solaris-x86, r-release-linux-x86_64, r-release-macos-arm64, r-release-macos-x86_64, r-release-windows-ix86+x86_64