CRAN Package Check Results for Package allcontributors

Last updated on 2021-07-01 01:49:05 CEST.

Flavor Version Tinstall Tcheck Ttotal Status Flags
r-devel-linux-x86_64-debian-clang 0.0.2 2.88 31.26 34.14 NOTE
r-devel-linux-x86_64-debian-gcc 0.0.2 2.34 23.82 26.16 NOTE
r-devel-linux-x86_64-fedora-clang 0.0.2 49.82 NOTE
r-devel-linux-x86_64-fedora-gcc 0.0.2 40.10 NOTE
r-devel-windows-x86_64 0.0.2 5.00 58.00 63.00 NOTE
r-devel-windows-x86_64-gcc10-UCRT 0.0.2 NOTE
r-patched-linux-x86_64 0.0.2 2.90 29.91 32.81 NOTE
r-patched-solaris-x86 0.0.2 54.80 NOTE
r-release-linux-x86_64 0.0.2 2.64 30.17 32.81 NOTE
r-release-macos-arm64 0.0.2 NOTE
r-release-macos-x86_64 0.0.2 NOTE
r-release-windows-ix86+x86_64 0.0.2 29.00 55.00 84.00 NOTE
r-oldrel-macos-x86_64 0.0.2 OK
r-oldrel-windows-ix86+x86_64 0.0.2 6.00 48.00 54.00 OK

Check Details

Version: 0.0.2
Check: LazyData
Result: NOTE
     'LazyData' is specified without a 'data' directory
Flavors: r-devel-linux-x86_64-debian-clang, r-devel-linux-x86_64-debian-gcc, r-devel-linux-x86_64-fedora-clang, r-devel-linux-x86_64-fedora-gcc, r-devel-windows-x86_64, r-devel-windows-x86_64-gcc10-UCRT, r-patched-linux-x86_64, r-patched-solaris-x86, r-release-linux-x86_64, r-release-macos-arm64, r-release-macos-x86_64, r-release-windows-ix86+x86_64