Last updated on 2021-07-01 01:49:05 CEST.
Flavor | Version | Tinstall | Tcheck | Ttotal | Status | Flags |
---|---|---|---|---|---|---|
r-devel-linux-x86_64-debian-clang | 0.3.4 | 16.08 | 221.53 | 237.61 | NOTE | |
r-devel-linux-x86_64-debian-gcc | 0.3.4 | 13.30 | 163.83 | 177.13 | NOTE | |
r-devel-linux-x86_64-fedora-clang | 0.3.4 | 291.35 | NOTE | |||
r-devel-linux-x86_64-fedora-gcc | 0.3.4 | 279.05 | NOTE | |||
r-devel-windows-x86_64 | 0.3.4 | 30.00 | 243.00 | 273.00 | NOTE | |
r-devel-windows-x86_64-gcc10-UCRT | 0.3.4 | NOTE | ||||
r-patched-linux-x86_64 | 0.3.4 | 19.78 | 205.73 | 225.51 | NOTE | |
r-patched-solaris-x86 | 0.3.4 | 429.20 | NOTE | |||
r-release-linux-x86_64 | 0.3.4 | 14.43 | 205.83 | 220.26 | NOTE | |
r-release-macos-arm64 | 0.3.4 | NOTE | ||||
r-release-macos-x86_64 | 0.3.4 | NOTE | ||||
r-release-windows-ix86+x86_64 | 0.3.4 | 40.00 | 246.00 | 286.00 | NOTE | |
r-oldrel-macos-x86_64 | 0.3.4 | OK | ||||
r-oldrel-windows-ix86+x86_64 | 0.3.4 | 37.00 | 211.00 | 248.00 | OK |
Version: 0.3.4
Check: LazyData
Result: NOTE
'LazyData' is specified without a 'data' directory
Flavors: r-devel-linux-x86_64-debian-clang, r-devel-linux-x86_64-debian-gcc, r-devel-linux-x86_64-fedora-clang, r-devel-linux-x86_64-fedora-gcc, r-devel-windows-x86_64, r-devel-windows-x86_64-gcc10-UCRT, r-patched-linux-x86_64, r-patched-solaris-x86, r-release-linux-x86_64, r-release-macos-arm64, r-release-macos-x86_64, r-release-windows-ix86+x86_64