Last updated on 2021-07-01 01:49:05 CEST.
Flavor | Version | Tinstall | Tcheck | Ttotal | Status | Flags |
---|---|---|---|---|---|---|
r-devel-linux-x86_64-debian-clang | 1.3 | 10.30 | 87.08 | 97.38 | OK | |
r-devel-linux-x86_64-debian-gcc | 1.3 | 6.96 | 67.16 | 74.12 | OK | |
r-devel-linux-x86_64-fedora-clang | 1.3 | 125.47 | OK | |||
r-devel-linux-x86_64-fedora-gcc | 1.3 | 114.73 | OK | |||
r-devel-windows-x86_64 | 1.3 | 10.00 | 109.00 | 119.00 | OK | |
r-devel-windows-x86_64-gcc10-UCRT | 1.3 | OK | ||||
r-patched-linux-x86_64 | 1.3 | 10.33 | 84.06 | 94.39 | OK | |
r-patched-solaris-x86 | 1.3 | 168.50 | NOTE | |||
r-release-linux-x86_64 | 1.3 | 10.35 | 82.94 | 93.29 | OK | |
r-release-macos-arm64 | 1.3 | OK | ||||
r-release-macos-x86_64 | 1.3 | OK | ||||
r-release-windows-ix86+x86_64 | 1.3 | 16.00 | 103.00 | 119.00 | OK | |
r-oldrel-macos-x86_64 | 1.3 | NOTE | ||||
r-oldrel-windows-ix86+x86_64 | 1.3 | 21.00 | 91.00 | 112.00 | OK |
Version: 1.3
Check: package dependencies
Result: NOTE
Package suggested but not available for checking: ‘qCBA’
Flavors: r-patched-solaris-x86, r-oldrel-macos-x86_64