Last updated on 2021-07-01 01:49:05 CEST.
Flavor | Version | Tinstall | Tcheck | Ttotal | Status | Flags |
---|---|---|---|---|---|---|
r-devel-linux-x86_64-debian-clang | 4.0.1 | 1602.70 | 123.40 | 1726.10 | OK | |
r-devel-linux-x86_64-debian-gcc | 4.0.1 | 991.17 | 90.91 | 1082.08 | OK | |
r-devel-linux-x86_64-fedora-clang | 4.0.1 | 2285.51 | NOTE | |||
r-devel-linux-x86_64-fedora-gcc | 4.0.1 | 1887.01 | OK | |||
r-devel-windows-x86_64 | 4.0.1 | 275.00 | 229.00 | 504.00 | NOTE | |
r-devel-windows-x86_64-gcc10-UCRT | 4.0.1 | OK | ||||
r-patched-linux-x86_64 | 4.0.1 | 1177.86 | 119.77 | 1297.63 | OK | |
r-patched-solaris-x86 | 4.0.1 | 304.50 | OK | |||
r-release-linux-x86_64 | 4.0.1 | 1173.74 | 118.42 | 1292.16 | OK | |
r-release-macos-arm64 | 4.0.1 | NOTE | ||||
r-release-macos-x86_64 | 4.0.1 | NOTE | ||||
r-release-windows-ix86+x86_64 | 4.0.1 | 513.00 | 343.00 | 856.00 | NOTE | |
r-oldrel-macos-x86_64 | 4.0.1 | NOTE | ||||
r-oldrel-windows-ix86+x86_64 | 4.0.1 | 570.00 | 313.00 | 883.00 | NOTE |
Version: 4.0.1
Check: installed package size
Result: NOTE
installed size is 38.8Mb
sub-directories of 1Mb or more:
R 3.6Mb
libs 34.5Mb
Flavors: r-devel-linux-x86_64-fedora-clang, r-devel-windows-x86_64, r-release-macos-arm64, r-release-macos-x86_64, r-release-windows-ix86+x86_64, r-oldrel-macos-x86_64, r-oldrel-windows-ix86+x86_64