CRAN Package Check Results for Package assertive.numbers

Last updated on 2021-07-01 01:49:05 CEST.

Flavor Version Tinstall Tcheck Ttotal Status Flags
r-devel-linux-x86_64-debian-clang 0.0-2 2.80 28.67 31.47 NOTE
r-devel-linux-x86_64-debian-gcc 0.0-2 2.29 22.21 24.50 NOTE
r-devel-linux-x86_64-fedora-clang 0.0-2 49.49 NOTE
r-devel-linux-x86_64-fedora-gcc 0.0-2 37.11 NOTE
r-devel-windows-x86_64 0.0-2 3.00 45.00 48.00 NOTE
r-devel-windows-x86_64-gcc10-UCRT 0.0-2 NOTE
r-patched-linux-x86_64 0.0-2 3.09 27.56 30.65 NOTE
r-patched-solaris-x86 0.0-2 58.70 NOTE
r-release-linux-x86_64 0.0-2 2.68 27.35 30.03 NOTE
r-release-macos-arm64 0.0-2 NOTE
r-release-macos-x86_64 0.0-2 NOTE
r-release-windows-ix86+x86_64 0.0-2 4.00 41.00 45.00 NOTE
r-oldrel-macos-x86_64 0.0-2 OK
r-oldrel-windows-ix86+x86_64 0.0-2 6.00 44.00 50.00 OK

Check Details

Version: 0.0-2
Check: LazyData
Result: NOTE
     'LazyData' is specified without a 'data' directory
Flavors: r-devel-linux-x86_64-debian-clang, r-devel-linux-x86_64-debian-gcc, r-devel-linux-x86_64-fedora-clang, r-devel-linux-x86_64-fedora-gcc, r-devel-windows-x86_64, r-devel-windows-x86_64-gcc10-UCRT, r-patched-linux-x86_64, r-patched-solaris-x86, r-release-linux-x86_64, r-release-macos-arm64, r-release-macos-x86_64, r-release-windows-ix86+x86_64