CRAN Package Check Results for Package attachment

Last updated on 2021-07-01 01:49:05 CEST.

Flavor Version Tinstall Tcheck Ttotal Status Flags
r-devel-linux-x86_64-debian-clang 0.2.1 3.74 50.00 53.74 NOTE
r-devel-linux-x86_64-debian-gcc 0.2.1 2.64 37.85 40.49 NOTE
r-devel-linux-x86_64-fedora-clang 0.2.1 75.66 NOTE
r-devel-linux-x86_64-fedora-gcc 0.2.1 83.11 NOTE
r-devel-windows-x86_64 0.2.1 4.00 70.00 74.00 NOTE
r-devel-windows-x86_64-gcc10-UCRT 0.0.0.9000 NOTE
r-patched-linux-x86_64 0.2.1 3.34 48.06 51.40 NOTE
r-patched-solaris-x86 0.2.1 91.60 NOTE
r-release-linux-x86_64 0.2.1 3.43 47.76 51.19 NOTE
r-release-macos-arm64 0.2.1 NOTE
r-release-macos-x86_64 0.2.1 NOTE
r-release-windows-ix86+x86_64 0.2.1 16.00 72.00 88.00 NOTE
r-oldrel-macos-x86_64 0.2.1 OK
r-oldrel-windows-ix86+x86_64 0.2.1 8.00 61.00 69.00 OK

Check Details

Version: 0.2.1
Check: LazyData
Result: NOTE
     'LazyData' is specified without a 'data' directory
Flavors: r-devel-linux-x86_64-debian-clang, r-devel-linux-x86_64-debian-gcc, r-devel-linux-x86_64-fedora-clang, r-devel-linux-x86_64-fedora-gcc, r-devel-windows-x86_64, r-devel-windows-x86_64-gcc10-UCRT, r-patched-linux-x86_64, r-patched-solaris-x86, r-release-linux-x86_64, r-release-macos-arm64, r-release-macos-x86_64, r-release-windows-ix86+x86_64