CRAN Package Check Results for Package auctionr

Last updated on 2021-07-01 01:49:05 CEST.

Flavor Version Tinstall Tcheck Ttotal Status Flags
r-devel-linux-x86_64-debian-clang 0.1.0 1.92 337.66 339.58 NOTE
r-devel-linux-x86_64-debian-gcc 0.1.0 1.65 238.22 239.87 NOTE
r-devel-linux-x86_64-fedora-clang 0.1.0 422.98 NOTE
r-devel-linux-x86_64-fedora-gcc 0.1.0 394.76 NOTE
r-devel-windows-x86_64 0.1.0 4.00 417.00 421.00 NOTE
r-devel-windows-x86_64-gcc10-UCRT 0.1.0 NOTE
r-patched-linux-x86_64 0.1.0 2.16 318.50 320.66 NOTE
r-patched-solaris-x86 0.1.0 472.20 NOTE
r-release-linux-x86_64 0.1.0 2.00 318.43 320.43 NOTE
r-release-macos-arm64 0.1.0 NOTE
r-release-macos-x86_64 0.1.0 NOTE
r-release-windows-ix86+x86_64 0.1.0 4.00 412.00 416.00 NOTE
r-oldrel-macos-x86_64 0.1.0 OK
r-oldrel-windows-ix86+x86_64 0.1.0 6.00 415.00 421.00 OK

Check Details

Version: 0.1.0
Check: LazyData
Result: NOTE
     'LazyData' is specified without a 'data' directory
Flavors: r-devel-linux-x86_64-debian-clang, r-devel-linux-x86_64-debian-gcc, r-devel-linux-x86_64-fedora-clang, r-devel-linux-x86_64-fedora-gcc, r-devel-windows-x86_64, r-devel-windows-x86_64-gcc10-UCRT, r-patched-linux-x86_64, r-patched-solaris-x86, r-release-linux-x86_64, r-release-macos-arm64, r-release-macos-x86_64, r-release-windows-ix86+x86_64