CRAN Package Check Results for Package automagic

Last updated on 2021-07-01 01:49:05 CEST.

Flavor Version Tinstall Tcheck Ttotal Status Flags
r-devel-linux-x86_64-debian-clang 0.5.1 2.16 23.37 25.53 NOTE
r-devel-linux-x86_64-debian-gcc 0.5.1 1.66 18.47 20.13 NOTE
r-devel-linux-x86_64-fedora-clang 0.5.1 42.00 NOTE
r-devel-linux-x86_64-fedora-gcc 0.5.1 29.57 NOTE
r-devel-windows-x86_64 0.5.1 10.00 38.00 48.00 NOTE
r-devel-windows-x86_64-gcc10-UCRT 0.5.1 NOTE
r-patched-linux-x86_64 0.5.1 2.15 22.67 24.82 NOTE
r-patched-solaris-x86 0.5.1 47.60 NOTE
r-release-linux-x86_64 0.5.1 1.77 22.70 24.47 NOTE
r-release-macos-arm64 0.5.1 NOTE
r-release-macos-x86_64 0.5.1 NOTE
r-release-windows-ix86+x86_64 0.5.1 33.00 38.00 71.00 NOTE
r-oldrel-macos-x86_64 0.5.1 OK
r-oldrel-windows-ix86+x86_64 0.5.1 6.00 32.00 38.00 OK

Check Details

Version: 0.5.1
Check: LazyData
Result: NOTE
     'LazyData' is specified without a 'data' directory
Flavors: r-devel-linux-x86_64-debian-clang, r-devel-linux-x86_64-debian-gcc, r-devel-linux-x86_64-fedora-clang, r-devel-linux-x86_64-fedora-gcc, r-devel-windows-x86_64, r-devel-windows-x86_64-gcc10-UCRT, r-patched-linux-x86_64, r-patched-solaris-x86, r-release-linux-x86_64, r-release-macos-arm64, r-release-macos-x86_64, r-release-windows-ix86+x86_64