CRAN Package Check Results for Package aweSOM

Last updated on 2021-07-01 01:49:05 CEST.

Flavor Version Tinstall Tcheck Ttotal Status Flags
r-devel-linux-x86_64-debian-clang 1.2 5.30 54.63 59.93 OK
r-devel-linux-x86_64-debian-gcc 1.2 4.23 41.22 45.45 OK
r-devel-linux-x86_64-fedora-clang 1.2 80.65 NOTE
r-devel-linux-x86_64-fedora-gcc 1.2 68.69 NOTE
r-devel-windows-x86_64 1.2 21.00 77.00 98.00 OK
r-devel-windows-x86_64-gcc10-UCRT 1.2 NOTE
r-patched-linux-x86_64 1.2 4.97 52.06 57.03 OK
r-patched-solaris-x86 1.2 98.90 WARN
r-release-linux-x86_64 1.2 4.61 52.43 57.04 OK
r-release-macos-arm64 1.2 WARN
r-release-macos-x86_64 1.2 WARN
r-release-windows-ix86+x86_64 1.2 13.00 71.00 84.00 OK
r-oldrel-macos-x86_64 1.2 WARN
r-oldrel-windows-ix86+x86_64 1.2 13.00 64.00 77.00 OK

Check Details

Version: 1.2
Check: dependencies in R code
Result: NOTE
    Namespaces in Imports field not imported from:
     ‘DT’ ‘bslib’ ‘rclipboard’ ‘rmarkdown’
     All declared Imports should be used.
Flavors: r-devel-linux-x86_64-fedora-clang, r-devel-linux-x86_64-fedora-gcc, r-devel-windows-x86_64-gcc10-UCRT, r-patched-solaris-x86, r-release-macos-arm64, r-release-macos-x86_64, r-oldrel-macos-x86_64

Version: 1.2
Check: re-building of vignette outputs
Result: WARN
    Error(s) in re-building vignettes:
     ...
    --- re-building ‘aweSOM.Rmd’ using rmarkdown
    Warning in engine$weave(file, quiet = quiet, encoding = enc) :
     Pandoc (>= 1.12.3) not available. Falling back to R Markdown v1.
    Quitting from lines 97-101 (aweSOM.Rmd)
    Error: processing vignette 'aweSOM.Rmd' failed with diagnostics:
    there is no package called 'webshot'
    --- failed re-building ‘aweSOM.Rmd’
    
    SUMMARY: processing the following file failed:
     ‘aweSOM.Rmd’
    
    Error: Vignette re-building failed.
    Execution halted
Flavor: r-patched-solaris-x86

Version: 1.2
Check: re-building of vignette outputs
Result: WARN
    Error(s) in re-building vignettes:
     ...
    --- re-building ‘aweSOM.Rmd’ using rmarkdown
    Warning in engine$weave(file, quiet = quiet, encoding = enc) :
     Pandoc (>= 1.12.3) not available. Falling back to R Markdown v1.
    Quitting from lines 97-101 (aweSOM.Rmd)
    Error: processing vignette 'aweSOM.Rmd' failed with diagnostics:
    invalid 'path' argument
    --- failed re-building ‘aweSOM.Rmd’
    
    SUMMARY: processing the following file failed:
     ‘aweSOM.Rmd’
    
    Error: Vignette re-building failed.
    Execution halted
Flavors: r-release-macos-arm64, r-release-macos-x86_64

Version: 1.2
Check: re-building of vignette outputs
Result: WARN
    Error(s) in re-building vignettes:
     ...
    --- re-building ‘aweSOM.Rmd’ using rmarkdown
    Warning in engine$weave(file, quiet = quiet, encoding = enc) :
     Pandoc (>= 1.12.3) and/or pandoc-citeproc not available. Falling back to R Markdown v1.
    Quitting from lines 97-101 (aweSOM.Rmd)
    Error: processing vignette 'aweSOM.Rmd' failed with diagnostics:
    invalid 'path' argument
    --- failed re-building ‘aweSOM.Rmd’
    
    SUMMARY: processing the following file failed:
     ‘aweSOM.Rmd’
    
    Error: Vignette re-building failed.
    Execution halted
Flavor: r-oldrel-macos-x86_64