CRAN Package Check Results for Package baRcodeR

Last updated on 2021-07-01 01:49:05 CEST.

Flavor Version Tinstall Tcheck Ttotal Status Flags
r-devel-linux-x86_64-debian-clang 0.1.5 3.07 39.33 42.40 NOTE
r-devel-linux-x86_64-debian-gcc 0.1.5 2.54 30.22 32.76 NOTE
r-devel-linux-x86_64-fedora-clang 0.1.5 62.65 NOTE
r-devel-linux-x86_64-fedora-gcc 0.1.5 49.91 NOTE
r-devel-windows-x86_64 0.1.5 11.00 46.00 57.00 NOTE
r-devel-windows-x86_64-gcc10-UCRT 0.1.5 NOTE
r-patched-linux-x86_64 0.1.5 3.87 37.77 41.64 NOTE
r-patched-solaris-x86 0.1.5 78.10 NOTE
r-release-linux-x86_64 0.1.5 3.23 38.08 41.31 NOTE
r-release-macos-arm64 0.1.5 NOTE
r-release-macos-x86_64 0.1.5 NOTE
r-release-windows-ix86+x86_64 0.1.5 35.00 57.00 92.00 NOTE
r-oldrel-macos-x86_64 0.1.5 OK
r-oldrel-windows-ix86+x86_64 0.1.5 8.00 49.00 57.00 OK

Check Details

Version: 0.1.5
Check: LazyData
Result: NOTE
     'LazyData' is specified without a 'data' directory
Flavors: r-devel-linux-x86_64-debian-clang, r-devel-linux-x86_64-debian-gcc, r-devel-linux-x86_64-fedora-clang, r-devel-linux-x86_64-fedora-gcc, r-devel-windows-x86_64, r-devel-windows-x86_64-gcc10-UCRT, r-patched-linux-x86_64, r-patched-solaris-x86, r-release-linux-x86_64, r-release-macos-arm64, r-release-macos-x86_64, r-release-windows-ix86+x86_64