Last updated on 2021-07-01 01:49:05 CEST.
Flavor | Version | Tinstall | Tcheck | Ttotal | Status | Flags |
---|---|---|---|---|---|---|
r-devel-linux-x86_64-debian-clang | 1.1 | 3.49 | 26.38 | 29.87 | OK | |
r-devel-linux-x86_64-debian-gcc | 1.1 | 2.70 | 20.39 | 23.09 | OK | |
r-devel-linux-x86_64-fedora-clang | 1.1 | 47.47 | OK | |||
r-devel-linux-x86_64-fedora-gcc | 1.1 | 35.72 | OK | |||
r-devel-windows-x86_64 | 1.1 | 8.00 | 38.00 | 46.00 | OK | |
r-devel-windows-x86_64-gcc10-UCRT | 1.1 | OK | ||||
r-patched-linux-x86_64 | 1.1 | 3.40 | 25.40 | 28.80 | OK | |
r-patched-solaris-x86 | 1.1 | 57.40 | OK | |||
r-release-linux-x86_64 | 1.1 | 3.24 | 25.10 | 28.34 | OK | |
r-release-macos-arm64 | 1.1 | ERROR | ||||
r-release-macos-x86_64 | 1.1 | OK | ||||
r-release-windows-ix86+x86_64 | 1.1 | 7.00 | 31.00 | 38.00 | OK | |
r-oldrel-macos-x86_64 | 1.1 | OK | ||||
r-oldrel-windows-ix86+x86_64 | 1.1 | 7.00 | 32.00 | 39.00 | OK |
Version: 1.1
Check: whether package can be installed
Result: ERROR
Installation failed.
Flavor: r-release-macos-arm64