CRAN Package Check Results for Package base64enc

Last updated on 2021-07-01 01:49:05 CEST.

Flavor Version Tinstall Tcheck Ttotal Status Flags
r-devel-linux-x86_64-debian-clang 0.1-3 2.23 20.62 22.85 OK
r-devel-linux-x86_64-debian-gcc 0.1-3 1.97 16.05 18.02 OK
r-devel-linux-x86_64-fedora-clang 0.1-3 38.89 NOTE
r-devel-linux-x86_64-fedora-gcc 0.1-3 27.31 NOTE
r-devel-windows-x86_64 0.1-3 6.00 34.00 40.00 OK
r-devel-windows-x86_64-gcc10-UCRT 0.1-3 OK
r-patched-linux-x86_64 0.1-3 1.93 19.75 21.68 OK
r-patched-solaris-x86 0.1-3 43.40 OK
r-release-linux-x86_64 0.1-3 2.14 19.89 22.03 OK
r-release-macos-arm64 0.1-3 OK
r-release-macos-x86_64 0.1-3 OK
r-release-windows-ix86+x86_64 0.1-3 8.00 34.00 42.00 OK
r-oldrel-macos-x86_64 0.1-3 OK
r-oldrel-windows-ix86+x86_64 0.1-3 10.00 40.00 50.00 OK

Check Details

Version: 0.1-3
Check: compiled code
Result: NOTE
    File ‘base64enc/libs/base64enc.so’:
     Found no calls to: ‘R_registerRoutines’, ‘R_useDynamicSymbols’
    
    It is good practice to register native routines and to disable symbol
    search.
    
    See ‘Writing portable packages’ in the ‘Writing R Extensions’ manual.
Flavors: r-devel-linux-x86_64-fedora-clang, r-devel-linux-x86_64-fedora-gcc