Last updated on 2021-07-01 01:49:05 CEST.
Flavor | Version | Tinstall | Tcheck | Ttotal | Status | Flags |
---|---|---|---|---|---|---|
r-devel-linux-x86_64-debian-clang | 1.0.7 | 8.06 | 68.43 | 76.49 | NOTE | |
r-devel-linux-x86_64-debian-gcc | 1.0.7 | 6.55 | 51.88 | 58.43 | NOTE | |
r-devel-linux-x86_64-fedora-clang | 1.0.7 | 103.48 | NOTE | |||
r-devel-linux-x86_64-fedora-gcc | 1.0.7 | 88.66 | NOTE | |||
r-devel-windows-x86_64 | 1.0.7 | 8.00 | 87.00 | 95.00 | NOTE | |
r-devel-windows-x86_64-gcc10-UCRT | 1.0.7 | NOTE | ||||
r-patched-linux-x86_64 | 1.0.7 | 8.36 | 65.00 | 73.36 | NOTE | |
r-patched-solaris-x86 | 1.0.7 | 130.80 | NOTE | |||
r-release-linux-x86_64 | 1.0.7 | 8.86 | 64.89 | 73.75 | NOTE | |
r-release-macos-arm64 | 1.0.7 | NOTE | ||||
r-release-macos-x86_64 | 1.0.7 | NOTE | ||||
r-release-windows-ix86+x86_64 | 1.0.7 | 18.00 | 85.00 | 103.00 | NOTE | |
r-oldrel-macos-x86_64 | 1.0.7 | NOTE | ||||
r-oldrel-windows-ix86+x86_64 | 1.0.7 | 18.00 | 86.00 | 104.00 | NOTE |
Version: 1.0.7
Check: package dependencies
Result: NOTE
Package which this enhances but not available for checking: 'rPython'
Flavors: r-devel-linux-x86_64-debian-clang, r-devel-linux-x86_64-debian-gcc, r-devel-linux-x86_64-fedora-clang, r-devel-linux-x86_64-fedora-gcc, r-patched-linux-x86_64, r-patched-solaris-x86, r-release-linux-x86_64, r-release-macos-arm64, r-release-macos-x86_64, r-oldrel-macos-x86_64
Version: 1.0.7
Check: package dependencies
Result: NOTE
Packages which this enhances but not available for checking:
'doMC', 'rPython'
Flavors: r-devel-windows-x86_64, r-devel-windows-x86_64-gcc10-UCRT, r-release-windows-ix86+x86_64, r-oldrel-windows-ix86+x86_64