Last updated on 2021-07-01 01:49:06 CEST.
Flavor | Version | Tinstall | Tcheck | Ttotal | Status | Flags |
---|---|---|---|---|---|---|
r-devel-linux-x86_64-debian-clang | 0.0.1 | 26.47 | 243.86 | 270.33 | OK | |
r-devel-linux-x86_64-debian-gcc | 0.0.1 | 22.31 | 179.75 | 202.06 | OK | |
r-devel-linux-x86_64-fedora-clang | 0.0.1 | 331.27 | NOTE | |||
r-devel-linux-x86_64-fedora-gcc | 0.0.1 | 315.71 | NOTE | |||
r-devel-windows-x86_64 | 0.0.1 | 48.00 | 290.00 | 338.00 | OK | |
r-devel-windows-x86_64-gcc10-UCRT | 0.0.1 | NOTE | ||||
r-patched-linux-x86_64 | 0.0.1 | 22.50 | 228.47 | 250.97 | OK | |
r-patched-solaris-x86 | 0.0.1 | 439.20 | NOTE | |||
r-release-linux-x86_64 | 0.0.1 | 23.42 | 227.56 | 250.98 | OK | |
r-release-macos-arm64 | 0.0.1 | NOTE | ||||
r-release-macos-x86_64 | 0.0.1 | NOTE | ||||
r-release-windows-ix86+x86_64 | 0.0.1 | 64.00 | 286.00 | 350.00 | OK | |
r-oldrel-macos-x86_64 | 0.0.1 | NOTE | ||||
r-oldrel-windows-ix86+x86_64 | 0.0.1 | 47.00 | 221.00 | 268.00 | OK |
Version: 0.0.1
Check: data for non-ASCII characters
Result: NOTE
Note: found 1924 marked UTF-8 strings
Flavors: r-devel-linux-x86_64-fedora-clang, r-devel-linux-x86_64-fedora-gcc, r-devel-windows-x86_64-gcc10-UCRT, r-patched-solaris-x86, r-release-macos-arm64, r-release-macos-x86_64, r-oldrel-macos-x86_64