CRAN Package Check Results for Package bbl

Last updated on 2021-07-01 01:49:06 CEST.

Flavor Version Tinstall Tcheck Ttotal Status Flags
r-devel-linux-x86_64-debian-clang 0.4.0 50.89 217.43 268.32 OK
r-devel-linux-x86_64-debian-gcc 0.4.0 30.80 178.03 208.83 OK
r-devel-linux-x86_64-fedora-clang 0.4.0 353.31 OK
r-devel-linux-x86_64-fedora-gcc 0.4.0 334.22 OK
r-devel-windows-x86_64 0.4.0 45.00 288.00 333.00 OK
r-devel-windows-x86_64-gcc10-UCRT 0.4.0 OK
r-patched-linux-x86_64 0.4.0 37.47 222.94 260.41 OK
r-patched-solaris-x86 0.4.0 635.60 OK
r-release-linux-x86_64 0.4.0 36.47 224.99 261.46 OK
r-release-macos-arm64 0.4.0 NOTE
r-release-macos-x86_64 0.4.0 NOTE
r-release-windows-ix86+x86_64 0.4.0 79.00 391.00 470.00 NOTE
r-oldrel-macos-x86_64 0.4.0 NOTE
r-oldrel-windows-ix86+x86_64 0.4.0 104.00 397.00 501.00 NOTE

Check Details

Version: 0.4.0
Check: installed package size
Result: NOTE
     installed size is 6.7Mb
     sub-directories of 1Mb or more:
     extdata 2.3Mb
     libs 3.8Mb
Flavors: r-release-macos-arm64, r-release-macos-x86_64, r-release-windows-ix86+x86_64, r-oldrel-macos-x86_64, r-oldrel-windows-ix86+x86_64