Last updated on 2021-07-01 01:49:06 CEST.
Flavor | Version | Tinstall | Tcheck | Ttotal | Status | Flags |
---|---|---|---|---|---|---|
r-devel-linux-x86_64-debian-clang | 1.4.1 | 68.82 | 55.54 | 124.36 | OK | |
r-devel-linux-x86_64-debian-gcc | 1.4.1 | 41.63 | 43.28 | 84.91 | OK | |
r-devel-linux-x86_64-fedora-clang | 1.4.1 | 167.40 | OK | |||
r-devel-linux-x86_64-fedora-gcc | 1.4.1 | 145.23 | OK | |||
r-devel-windows-x86_64 | 1.4.1 | 56.00 | 86.00 | 142.00 | OK | |
r-devel-windows-x86_64-gcc10-UCRT | 1.4.1 | OK | ||||
r-patched-linux-x86_64 | 1.4.1 | 53.53 | 52.86 | 106.39 | OK | |
r-patched-solaris-x86 | 1.4.1 | 161.50 | OK | |||
r-release-linux-x86_64 | 1.4.1 | 47.97 | 52.68 | 100.65 | OK | |
r-release-macos-arm64 | 1.4.1 | ERROR | ||||
r-release-macos-x86_64 | 1.4.1 | OK | ||||
r-release-windows-ix86+x86_64 | 1.4.1 | 109.00 | 100.00 | 209.00 | OK | |
r-oldrel-macos-x86_64 | 1.4.1 | OK | ||||
r-oldrel-windows-ix86+x86_64 | 1.4.1 | 145.00 | 83.00 | 228.00 | OK |
Version: 1.4.1
Check: package dependencies
Result: NOTE
Packages suggested but not available for checking: 'sf', 'stars'
Flavor: r-release-macos-arm64
Version: 1.4.1
Check: tests
Result: ERROR
Running ‘testthat.R’ [1s/1s]
Running the tests in ‘tests/testthat.R’ failed.
Last 13 lines of output:
> library(testthat)
> library(belg)
>
> test_check("belg")
══ Failed tests ════════════════════════════════════════════════════════════════
── Error (test-raster-stars.R:4:1): (code run outside of `test_that()`) ────────
Error: there is no package called 'stars'
Backtrace:
█
1. └─base::library(stars) test-raster-stars.R:4:0
[ FAIL 1 | WARN 0 | SKIP 0 | PASS 19 ]
Error: Test failures
Execution halted
Flavor: r-release-macos-arm64