CRAN Package Check Results for Package berryFunctions

Last updated on 2021-07-01 01:49:06 CEST.

Flavor Version Tinstall Tcheck Ttotal Status Flags
r-devel-linux-x86_64-debian-clang 1.20.1 13.73 101.55 115.28 OK
r-devel-linux-x86_64-debian-gcc 1.20.1 9.10 76.58 85.68 OK
r-devel-linux-x86_64-fedora-clang 1.20.1 149.29 NOTE
r-devel-linux-x86_64-fedora-gcc 1.20.1 136.11 OK
r-devel-windows-x86_64 1.20.1 12.00 108.00 120.00 OK
r-devel-windows-x86_64-gcc10-UCRT 1.20.1 OK
r-patched-linux-x86_64 1.20.1 17.18 97.57 114.75 OK
r-patched-solaris-x86 1.20.1 171.10 OK
r-release-linux-x86_64 1.20.1 12.77 97.27 110.04 OK
r-release-macos-arm64 1.20.1 OK
r-release-macos-x86_64 1.20.1 OK
r-release-windows-ix86+x86_64 1.20.1 13.00 133.00 146.00 OK
r-oldrel-macos-x86_64 1.20.1 OK
r-oldrel-windows-ix86+x86_64 1.20.1 18.00 114.00 132.00 OK

Check Details

Version: 1.20.1
Check: Rd cross-references
Result: NOTE
    Undeclared package ‘zoo’ in Rd xrefs
Flavor: r-devel-linux-x86_64-fedora-clang