CRAN Package Check Results for Package betalink

Last updated on 2021-07-01 01:49:06 CEST.

Flavor Version Tinstall Tcheck Ttotal Status Flags
r-devel-linux-x86_64-debian-clang 2.2.1 2.75 24.45 27.20 NOTE
r-devel-linux-x86_64-debian-gcc 2.2.1 2.09 19.33 21.42 NOTE
r-devel-linux-x86_64-fedora-clang 2.2.1 42.20 NOTE
r-devel-linux-x86_64-fedora-gcc 2.2.1 31.73 NOTE
r-devel-windows-x86_64 2.2.1 3.00 41.00 44.00 NOTE
r-devel-windows-x86_64-gcc10-UCRT 2.2.1 NOTE
r-patched-linux-x86_64 2.2.1 2.96 23.95 26.91 NOTE
r-patched-solaris-x86 2.2.1 49.70 NOTE
r-release-linux-x86_64 2.2.1 2.57 23.79 26.36 NOTE
r-release-macos-arm64 2.2.1 NOTE
r-release-macos-x86_64 2.2.1 NOTE
r-release-windows-ix86+x86_64 2.2.1 19.00 36.00 55.00 NOTE
r-oldrel-macos-x86_64 2.2.1 NOTE
r-oldrel-windows-ix86+x86_64 2.2.1 5.00 40.00 45.00 NOTE

Check Details

Version: 2.2.1
Check: DESCRIPTION meta-information
Result: NOTE
    Checking should be performed on sources prepared by 'R CMD build'.
Flavors: r-devel-linux-x86_64-debian-clang, r-devel-linux-x86_64-debian-gcc, r-devel-linux-x86_64-fedora-clang, r-devel-linux-x86_64-fedora-gcc, r-devel-windows-x86_64, r-devel-windows-x86_64-gcc10-UCRT, r-patched-linux-x86_64, r-patched-solaris-x86, r-release-linux-x86_64, r-release-macos-arm64, r-release-macos-x86_64, r-release-windows-ix86+x86_64, r-oldrel-macos-x86_64, r-oldrel-windows-ix86+x86_64