Last updated on 2021-07-01 01:49:06 CEST.
Flavor | Version | Tinstall | Tcheck | Ttotal | Status | Flags |
---|---|---|---|---|---|---|
r-devel-linux-x86_64-debian-clang | 3.3 | 4.70 | 31.10 | 35.80 | OK | |
r-devel-linux-x86_64-debian-gcc | 3.3 | 3.24 | 24.45 | 27.69 | OK | |
r-devel-linux-x86_64-fedora-clang | 3.3 | 51.38 | NOTE | |||
r-devel-linux-x86_64-fedora-gcc | 3.3 | 41.55 | NOTE | |||
r-devel-windows-x86_64 | 3.3 | 5.00 | 37.00 | 42.00 | OK | |
r-devel-windows-x86_64-gcc10-UCRT | 3.3 | OK | ||||
r-patched-linux-x86_64 | 3.3 | 6.52 | 30.03 | 36.55 | OK | |
r-patched-solaris-x86 | 3.3 | 62.30 | OK | |||
r-release-linux-x86_64 | 3.3 | 3.55 | 29.93 | 33.48 | OK | |
r-release-macos-arm64 | 3.3 | OK | ||||
r-release-macos-x86_64 | 3.3 | OK | ||||
r-release-windows-ix86+x86_64 | 3.3 | 7.00 | 51.00 | 58.00 | OK | |
r-oldrel-macos-x86_64 | 3.3 | OK | ||||
r-oldrel-windows-ix86+x86_64 | 3.3 | 10.00 | 48.00 | 58.00 | OK |
Version: 3.3
Check: compiled code
Result: NOTE
File ‘betategarch/libs/betategarch.so’:
Found no calls to: ‘R_registerRoutines’, ‘R_useDynamicSymbols’
It is good practice to register native routines and to disable symbol
search.
See ‘Writing portable packages’ in the ‘Writing R Extensions’ manual.
Flavors: r-devel-linux-x86_64-fedora-clang, r-devel-linux-x86_64-fedora-gcc