Last updated on 2021-07-01 01:49:06 CEST.
Flavor | Version | Tinstall | Tcheck | Ttotal | Status | Flags |
---|---|---|---|---|---|---|
r-devel-linux-x86_64-debian-clang | 1.0.4 | 4.64 | 52.42 | 57.06 | NOTE | |
r-devel-linux-x86_64-debian-gcc | 1.0.4 | 4.58 | 40.12 | 44.70 | NOTE | |
r-devel-linux-x86_64-fedora-clang | 1.0.4 | 79.68 | NOTE | |||
r-devel-linux-x86_64-fedora-gcc | 1.0.4 | 70.10 | NOTE | |||
r-devel-windows-x86_64 | 1.0.4 | 11.00 | 86.00 | 97.00 | NOTE | |
r-devel-windows-x86_64-gcc10-UCRT | 1.0.4 | NOTE | ||||
r-patched-linux-x86_64 | 1.0.4 | 6.05 | 50.16 | 56.21 | NOTE | |
r-patched-solaris-x86 | 1.0.4 | 100.50 | NOTE | |||
r-release-linux-x86_64 | 1.0.4 | 5.39 | 50.09 | 55.48 | NOTE | |
r-release-macos-arm64 | 1.0.4 | NOTE | ||||
r-release-macos-x86_64 | 1.0.4 | NOTE | ||||
r-release-windows-ix86+x86_64 | 1.0.4 | 24.00 | 86.00 | 110.00 | NOTE | |
r-oldrel-macos-x86_64 | 1.0.4 | OK | ||||
r-oldrel-windows-ix86+x86_64 | 1.0.4 | 14.00 | 73.00 | 87.00 | OK |
Version: 1.0.4
Check: LazyData
Result: NOTE
'LazyData' is specified without a 'data' directory
Flavors: r-devel-linux-x86_64-debian-clang, r-devel-linux-x86_64-debian-gcc, r-devel-linux-x86_64-fedora-clang, r-devel-linux-x86_64-fedora-gcc, r-devel-windows-x86_64, r-devel-windows-x86_64-gcc10-UCRT, r-patched-linux-x86_64, r-patched-solaris-x86, r-release-linux-x86_64, r-release-macos-arm64, r-release-macos-x86_64, r-release-windows-ix86+x86_64