Last updated on 2021-07-01 01:49:06 CEST.
Flavor | Version | Tinstall | Tcheck | Ttotal | Status | Flags |
---|---|---|---|---|---|---|
r-devel-linux-x86_64-debian-clang | 4.1 | 5.23 | 52.01 | 57.24 | OK | |
r-devel-linux-x86_64-debian-gcc | 4.1 | 3.81 | 39.27 | 43.08 | OK | |
r-devel-linux-x86_64-fedora-clang | 4.1 | 75.45 | OK | |||
r-devel-linux-x86_64-fedora-gcc | 4.1 | 64.70 | OK | |||
r-devel-windows-x86_64 | 4.1 | 9.00 | 73.00 | 82.00 | OK | |
r-devel-windows-x86_64-gcc10-UCRT | 4.1 | OK | ||||
r-patched-linux-x86_64 | 4.1 | 4.76 | 49.61 | 54.37 | OK | |
r-patched-solaris-x86 | 4.1 | 92.40 | OK | |||
r-release-linux-x86_64 | 4.1 | 4.63 | 49.41 | 54.04 | OK | |
r-release-macos-arm64 | 4.1 | NOTE | ||||
r-release-macos-x86_64 | 4.1 | NOTE | ||||
r-release-windows-ix86+x86_64 | 4.1 | 13.00 | 86.00 | 99.00 | OK | |
r-oldrel-macos-x86_64 | 4.1 | NOTE | ||||
r-oldrel-windows-ix86+x86_64 | 4.1 | 16.00 | 80.00 | 96.00 | OK |
Version: 4.1
Check: package dependencies
Result: NOTE
Packages suggested but not available for checking: 'rpanel', 'SpatialEpi'
Flavor: r-release-macos-arm64
Version: 4.1
Check: package dependencies
Result: NOTE
Package suggested but not available for checking: ‘rpanel’
Flavor: r-release-macos-x86_64
Version: 4.1
Check: package dependencies
Result: NOTE
Packages suggested but not available for checking: 'soilphysics', 'rpanel'
Flavor: r-oldrel-macos-x86_64