Last updated on 2021-07-01 01:49:06 CEST.
Flavor | Version | Tinstall | Tcheck | Ttotal | Status | Flags |
---|---|---|---|---|---|---|
r-devel-linux-x86_64-debian-clang | 0.2.0 | 4.87 | 55.82 | 60.69 | NOTE | |
r-devel-linux-x86_64-debian-gcc | 0.2.0 | 3.50 | 41.26 | 44.76 | NOTE | |
r-devel-linux-x86_64-fedora-clang | 0.2.0 | 79.29 | NOTE | |||
r-devel-linux-x86_64-fedora-gcc | 0.2.0 | 67.54 | NOTE | |||
r-devel-windows-x86_64 | 0.2.0 | 21.00 | 55.00 | 76.00 | NOTE | |
r-devel-windows-x86_64-gcc10-UCRT | 0.2.0 | NOTE | ||||
r-patched-linux-x86_64 | 0.2.0 | 4.72 | 51.47 | 56.19 | NOTE | |
r-patched-solaris-x86 | 0.2.0 | 98.50 | WARN | |||
r-release-linux-x86_64 | 0.2.0 | 4.04 | 51.52 | 55.56 | NOTE | |
r-release-macos-arm64 | 0.2.0 | WARN | ||||
r-release-macos-x86_64 | 0.2.0 | WARN | ||||
r-release-windows-ix86+x86_64 | 0.2.0 | 12.00 | 72.00 | 84.00 | NOTE | |
r-oldrel-macos-x86_64 | 0.2.0 | WARN | ||||
r-oldrel-windows-ix86+x86_64 | 0.2.0 | 12.00 | 62.00 | 74.00 | OK |
Version: 0.2.0
Check: LazyData
Result: NOTE
'LazyData' is specified without a 'data' directory
Flavors: r-devel-linux-x86_64-debian-clang, r-devel-linux-x86_64-debian-gcc, r-devel-linux-x86_64-fedora-clang, r-devel-linux-x86_64-fedora-gcc, r-devel-windows-x86_64, r-devel-windows-x86_64-gcc10-UCRT, r-patched-linux-x86_64, r-patched-solaris-x86, r-release-linux-x86_64, r-release-macos-arm64, r-release-macos-x86_64, r-release-windows-ix86+x86_64
Version: 0.2.0
Check: for non-standard things in the check directory
Result: NOTE
Found the following files/directories:
'JSBP.css' 'JSBP.js' 'vizjs.js'
Flavors: r-devel-linux-x86_64-debian-clang, r-devel-linux-x86_64-debian-gcc, r-devel-linux-x86_64-fedora-clang, r-devel-linux-x86_64-fedora-gcc, r-patched-linux-x86_64, r-patched-solaris-x86, r-release-linux-x86_64
Version: 0.2.0
Check: re-building of vignette outputs
Result: WARN
Error(s) in re-building vignettes:
...
--- re-building ‘bipartiteD3_Intro.Rmd’ using rmarkdown
Warning in engine$weave(file, quiet = quiet, encoding = enc) :
Pandoc (>= 1.12.3) not available. Falling back to R Markdown v1.
Loading required package: vegan
Loading required package: permute
Loading required package: lattice
This is vegan 2.5-7
Loading required package: sna
Loading required package: statnet.common
Attaching package: 'statnet.common'
The following objects are masked from 'package:base':
attr, order
Loading required package: network
'network' 1.17.1 (2021-06-12), part of the Statnet Project
* 'news(package="network")' for changes since last version
* 'citation("network")' for citation information
* 'https://statnet.org' for help, support, and other information
sna: Tools for Social Network Analysis
Version 2.6 created on 2020-10-5.
copyright (c) 2005, Carter T. Butts, University of California-Irvine
For citation information, type citation("sna").
Type help(package="sna") to get started.
This is bipartite 2.16.
For latest changes see versionlog in ?"bipartite-package". For citation see: citation("bipartite").
Have a nice time plotting and analysing two-mode networks.
Attaching package: 'bipartite'
The following object is masked from 'package:vegan':
nullmodel
Attaching package: 'dplyr'
The following objects are masked from 'package:stats':
filter, lag
The following objects are masked from 'package:base':
intersect, setdiff, setequal, union
trying URL 'http://vizjs.org/viz.v1.1.0.min.js'
Content type 'application/javascript' length 23466 bytes (22 KB)
==================================================
downloaded 22 KB
trying URL 'http://vizjs.org/viz.v1.1.0.min.js'
Content type 'application/javascript' length 23466 bytes (22 KB)
==================================================
downloaded 22 KB
Quitting from lines 42-54 (bipartiteD3_Intro.Rmd)
Error: processing vignette 'bipartiteD3_Intro.Rmd' failed with diagnostics:
there is no package called 'webshot'
--- failed re-building ‘bipartiteD3_Intro.Rmd’
SUMMARY: processing the following file failed:
‘bipartiteD3_Intro.Rmd’
Error: Vignette re-building failed.
Execution halted
Flavor: r-patched-solaris-x86
Version: 0.2.0
Check: re-building of vignette outputs
Result: WARN
Error(s) in re-building vignettes:
--- re-building ‘bipartiteD3_Intro.Rmd’ using rmarkdown
Warning in engine$weave(file, quiet = quiet, encoding = enc) :
Pandoc (>= 1.12.3) not available. Falling back to R Markdown v1.
Loading required package: vegan
Loading required package: permute
Loading required package: lattice
This is vegan 2.5-7
Loading required package: sna
Loading required package: statnet.common
Attaching package: 'statnet.common'
The following object is masked from 'package:base':
order
Loading required package: network
network: Classes for Relational Data
Version 1.16.1 created on 2020-10-06.
copyright (c) 2005, Carter T. Butts, University of California-Irvine
Mark S. Handcock, University of California -- Los Angeles
David R. Hunter, Penn State University
Martina Morris, University of Washington
Skye Bender-deMoll, University of Washington
For citation information, type citation("network").
Type help("network-package") to get started.
sna: Tools for Social Network Analysis
Version 2.6 created on 2020-10-5.
copyright (c) 2005, Carter T. Butts, University of California-Irvine
For citation information, type citation("sna").
Type help(package="sna") to get started.
This is bipartite 2.16.
For latest changes see versionlog in ?"bipartite-package". For citation see: citation("bipartite").
Have a nice time plotting and analysing two-mode networks.
Attaching package: 'bipartite'
The following object is masked from 'package:vegan':
nullmodel
Attaching package: 'dplyr'
The following objects are masked from 'package:stats':
filter, lag
The following objects are masked from 'package:base':
intersect, setdiff, setequal, union
trying URL 'http://vizjs.org/viz.v1.1.0.min.js'
Content type 'application/javascript' length 23466 bytes (22 KB)
==================================================
downloaded 22 KB
trying URL 'http://vizjs.org/viz.v1.1.0.min.js'
Content type 'application/javascript' length 23466 bytes (22 KB)
==================================================
downloaded 22 KB
Quitting from lines 42-54 (bipartiteD3_Intro.Rmd)
Error: processing vignette 'bipartiteD3_Intro.Rmd' failed with diagnostics:
invalid 'path' argument
--- failed re-building ‘bipartiteD3_Intro.Rmd’
SUMMARY: processing the following file failed:
‘bipartiteD3_Intro.Rmd’
Error: Vignette re-building failed.
Execution halted
Flavors: r-release-macos-arm64, r-release-macos-x86_64
Version: 0.2.0
Check: re-building of vignette outputs
Result: WARN
Error(s) in re-building vignettes:
--- re-building ‘bipartiteD3_Intro.Rmd’ using rmarkdown
Warning in engine$weave(file, quiet = quiet, encoding = enc) :
Pandoc (>= 1.12.3) and/or pandoc-citeproc not available. Falling back to R Markdown v1.
Loading required package: vegan
Loading required package: permute
Loading required package: lattice
This is vegan 2.5-6
Loading required package: sna
Loading required package: statnet.common
Attaching package: 'statnet.common'
The following object is masked from 'package:base':
order
Loading required package: network
network: Classes for Relational Data
Version 1.16.0 created on 2019-11-30.
copyright (c) 2005, Carter T. Butts, University of California-Irvine
Mark S. Handcock, University of California -- Los Angeles
David R. Hunter, Penn State University
Martina Morris, University of Washington
Skye Bender-deMoll, University of Washington
For citation information, type citation("network").
Type help("network-package") to get started.
sna: Tools for Social Network Analysis
Version 2.5 created on 2019-12-09.
copyright (c) 2005, Carter T. Butts, University of California-Irvine
For citation information, type citation("sna").
Type help(package="sna") to get started.
This is bipartite 2.15.
For latest changes see versionlog in ?"bipartite-package". For citation see: citation("bipartite").
Have a nice time plotting and analysing two-mode networks.
Attaching package: 'bipartite'
The following object is masked from 'package:vegan':
nullmodel
Attaching package: 'dplyr'
The following objects are masked from 'package:stats':
filter, lag
The following objects are masked from 'package:base':
intersect, setdiff, setequal, union
trying URL 'http://vizjs.org/viz.v1.1.0.min.js'
Content type 'application/javascript' length 23466 bytes (22 KB)
==================================================
downloaded 22 KB
trying URL 'http://vizjs.org/viz.v1.1.0.min.js'
Content type 'application/javascript' length 23466 bytes (22 KB)
==================================================
downloaded 22 KB
Quitting from lines 42-54 (bipartiteD3_Intro.Rmd)
Error: processing vignette 'bipartiteD3_Intro.Rmd' failed with diagnostics:
cannot open the connection
--- failed re-building ‘bipartiteD3_Intro.Rmd’
SUMMARY: processing the following file failed:
‘bipartiteD3_Intro.Rmd’
Error: Vignette re-building failed.
Execution halted
Flavor: r-oldrel-macos-x86_64