Last updated on 2021-07-01 01:49:06 CEST.
Flavor | Version | Tinstall | Tcheck | Ttotal | Status | Flags |
---|---|---|---|---|---|---|
r-devel-linux-x86_64-debian-clang | 1.0.8 | 5.36 | 57.63 | 62.99 | OK | |
r-devel-linux-x86_64-debian-gcc | 1.0.8 | 3.86 | 43.21 | 47.07 | OK | |
r-devel-linux-x86_64-fedora-clang | 1.0.8 | 82.54 | NOTE | |||
r-devel-linux-x86_64-fedora-gcc | 1.0.8 | 72.59 | NOTE | |||
r-devel-windows-x86_64 | 1.0.8 | 11.00 | 107.00 | 118.00 | OK | |
r-devel-windows-x86_64-gcc10-UCRT | 1.0.8 | OK | ||||
r-patched-linux-x86_64 | 1.0.8 | 4.47 | 54.40 | 58.87 | OK | |
r-patched-solaris-x86 | 1.0.8 | 106.80 | NOTE | |||
r-release-linux-x86_64 | 1.0.8 | 4.99 | 54.99 | 59.98 | OK | |
r-release-macos-arm64 | 1.0.8 | OK | ||||
r-release-macos-x86_64 | 1.0.8 | OK | ||||
r-release-windows-ix86+x86_64 | 1.0.8 | 9.00 | 105.00 | 114.00 | OK | |
r-oldrel-macos-x86_64 | 1.0.8 | OK | ||||
r-oldrel-windows-ix86+x86_64 | 1.0.8 | 12.00 | 91.00 | 103.00 | OK |
Version: 1.0.8
Check: package dependencies
Result: NOTE
Package suggested but not available for checking: ‘RQuantLib’
Flavors: r-devel-linux-x86_64-fedora-clang, r-devel-linux-x86_64-fedora-gcc, r-patched-solaris-x86