Last updated on 2021-07-01 01:49:07 CEST.
Flavor | Version | Tinstall | Tcheck | Ttotal | Status | Flags |
---|---|---|---|---|---|---|
r-devel-linux-x86_64-debian-clang | 2.0.2 | 83.62 | 188.19 | 271.81 | NOTE | |
r-devel-linux-x86_64-debian-gcc | 2.0.2 | 51.80 | 133.87 | 185.67 | NOTE | |
r-devel-linux-x86_64-fedora-clang | 2.0.2 | 329.49 | NOTE | |||
r-devel-linux-x86_64-fedora-gcc | 2.0.2 | 310.87 | NOTE | |||
r-devel-windows-x86_64 | 2.0.2 | 72.00 | 176.00 | 248.00 | NOTE | |
r-devel-windows-x86_64-gcc10-UCRT | 2.0.2 | NOTE | ||||
r-patched-linux-x86_64 | 2.0.2 | 62.34 | 178.13 | 240.47 | NOTE | |
r-patched-solaris-x86 | 2.0.2 | 417.50 | NOTE | |||
r-release-linux-x86_64 | 2.0.2 | 61.86 | 171.72 | 233.58 | NOTE | |
r-release-macos-arm64 | 2.0.2 | NOTE | ||||
r-release-macos-x86_64 | 2.0.2 | NOTE | ||||
r-release-windows-ix86+x86_64 | 2.0.2 | 133.00 | 368.00 | 501.00 | NOTE | |
r-oldrel-macos-x86_64 | 2.0.2 | OK | ||||
r-oldrel-windows-ix86+x86_64 | 2.0.2 | 174.00 | 329.00 | 503.00 | OK |
Version: 2.0.2
Check: LazyData
Result: NOTE
'LazyData' is specified without a 'data' directory
Flavors: r-devel-linux-x86_64-debian-clang, r-devel-linux-x86_64-debian-gcc, r-devel-linux-x86_64-fedora-clang, r-devel-linux-x86_64-fedora-gcc, r-devel-windows-x86_64, r-devel-windows-x86_64-gcc10-UCRT, r-patched-linux-x86_64, r-patched-solaris-x86, r-release-linux-x86_64, r-release-macos-arm64, r-release-macos-x86_64, r-release-windows-ix86+x86_64
Version: 2.0.2
Check: installed package size
Result: NOTE
installed size is 5.0Mb
sub-directories of 1Mb or more:
libs 2.7Mb
Flavors: r-devel-linux-x86_64-fedora-clang, r-release-macos-arm64