Last updated on 2021-07-01 01:49:07 CEST.
Flavor | Version | Tinstall | Tcheck | Ttotal | Status | Flags |
---|---|---|---|---|---|---|
r-devel-linux-x86_64-debian-clang | 0.4.5 | 108.34 | 117.16 | 225.50 | OK | |
r-devel-linux-x86_64-debian-gcc | 0.4.5 | 69.27 | 80.68 | 149.95 | OK | |
r-devel-linux-x86_64-fedora-clang | 0.4.5 | 309.74 | NOTE | |||
r-devel-linux-x86_64-fedora-gcc | 0.4.5 | 275.22 | OK | |||
r-devel-windows-x86_64 | 0.4.5 | 99.00 | 130.00 | 229.00 | OK | |
r-devel-windows-x86_64-gcc10-UCRT | 0.4.5 | OK | ||||
r-patched-linux-x86_64 | 0.4.5 | 87.73 | 109.62 | 197.35 | OK | |
r-patched-solaris-x86 | 0.4.5 | 250.70 | OK | |||
r-release-linux-x86_64 | 0.4.5 | 84.99 | 109.87 | 194.86 | OK | |
r-release-macos-arm64 | 0.4.5 | WARN | ||||
r-release-macos-x86_64 | 0.4.5 | NOTE | ||||
r-release-windows-ix86+x86_64 | 0.4.5 | 180.00 | 229.00 | 409.00 | OK | |
r-oldrel-macos-x86_64 | 0.4.5 | NOTE | ||||
r-oldrel-windows-ix86+x86_64 | 0.4.5 | 248.00 | 184.00 | 432.00 | OK |
Version: 0.4.5
Check: installed package size
Result: NOTE
installed size is 6.6Mb
sub-directories of 1Mb or more:
libs 5.8Mb
Flavors: r-devel-linux-x86_64-fedora-clang, r-release-macos-arm64, r-release-macos-x86_64, r-oldrel-macos-x86_64
Version: 0.4.5
Check: package dependencies
Result: NOTE
Packages suggested but not available for checking:
'gRain', 'gRbase', 'Rgraphviz'
Flavor: r-release-macos-arm64
Version: 0.4.5
Check: Rd cross-references
Result: NOTE
Package unavailable to check Rd xrefs: ‘gRain’
Flavor: r-release-macos-arm64
Version: 0.4.5
Check: re-building of vignette outputs
Result: WARN
Error(s) in re-building vignettes:
...
--- re-building ‘methods.Rmd’ using rmarkdown
Warning in engine$weave(file, quiet = quiet, encoding = enc) :
Pandoc (>= 1.12.3) not available. Falling back to R Markdown v1.
--- finished re-building ‘methods.Rmd’
--- re-building ‘overview.Rmd’ using rmarkdown
Warning in engine$weave(file, quiet = quiet, encoding = enc) :
Pandoc (>= 1.12.3) not available. Falling back to R Markdown v1.
--- finished re-building ‘overview.Rmd’
--- re-building ‘usage.rmd’ using rmarkdown
Warning in engine$weave(file, quiet = quiet, encoding = enc) :
Pandoc (>= 1.12.3) not available. Falling back to R Markdown v1.
Quitting from lines 121-122 (usage.rmd)
Error: processing vignette 'usage.rmd' failed with diagnostics:
Package Rgraphviz needed
--- failed re-building ‘usage.rmd’
SUMMARY: processing the following file failed:
‘usage.rmd’
Error: Vignette re-building failed.
Execution halted
Flavor: r-release-macos-arm64