Last updated on 2021-07-01 01:49:07 CEST.
Flavor | Version | Tinstall | Tcheck | Ttotal | Status | Flags |
---|---|---|---|---|---|---|
r-devel-linux-x86_64-debian-clang | 1.2.0 | 5.26 | 67.76 | 73.02 | OK | |
r-devel-linux-x86_64-debian-gcc | 1.2.0 | 3.80 | 53.76 | 57.56 | OK | |
r-devel-linux-x86_64-fedora-clang | 1.2.0 | 98.73 | OK | |||
r-devel-linux-x86_64-fedora-gcc | 1.2.0 | 88.17 | OK | |||
r-devel-windows-x86_64 | 1.2.0 | 5.00 | 73.00 | 78.00 | OK | |
r-devel-windows-x86_64-gcc10-UCRT | 1.2.0 | OK | ||||
r-patched-linux-x86_64 | 1.2.0 | 4.77 | 69.01 | 73.78 | OK | |
r-patched-solaris-x86 | 1.2.0 | 130.80 | OK | |||
r-release-linux-x86_64 | 1.2.0 | 5.00 | 67.42 | 72.42 | OK | |
r-release-macos-arm64 | 1.2.0 | NOTE | ||||
r-release-macos-x86_64 | 1.2.0 | NOTE | ||||
r-release-windows-ix86+x86_64 | 1.2.0 | 18.00 | 94.00 | 112.00 | OK | |
r-oldrel-macos-x86_64 | 1.2.0 | NOTE | ||||
r-oldrel-windows-ix86+x86_64 | 1.2.0 | 9.00 | 75.00 | 84.00 | OK |
Version: 1.2.0
Check: package dependencies
Result: NOTE
Package suggested but not available for checking: ‘sangerseqR’
Flavors: r-release-macos-arm64, r-release-macos-x86_64, r-oldrel-macos-x86_64