Last updated on 2021-07-01 01:49:07 CEST.
Flavor | Version | Tinstall | Tcheck | Ttotal | Status | Flags |
---|---|---|---|---|---|---|
r-devel-linux-x86_64-debian-clang | 2.0 | 10.67 | 76.14 | 86.81 | OK | |
r-devel-linux-x86_64-debian-gcc | 2.0 | 10.11 | 56.59 | 66.70 | OK | |
r-devel-linux-x86_64-fedora-clang | 2.0 | 113.97 | OK | |||
r-devel-linux-x86_64-fedora-gcc | 2.0 | 106.11 | OK | |||
r-devel-windows-x86_64 | 2.0 | 13.00 | 93.00 | 106.00 | OK | |
r-devel-windows-x86_64-gcc10-UCRT | 2.0 | OK | ||||
r-patched-linux-x86_64 | 2.0 | 14.19 | 72.25 | 86.44 | OK | |
r-patched-solaris-x86 | 2.0 | 148.30 | OK | |||
r-release-linux-x86_64 | 2.0 | 11.69 | 71.97 | 83.66 | OK | |
r-release-macos-arm64 | 2.0 | ERROR | ||||
r-release-macos-x86_64 | 2.0 | OK | ||||
r-release-windows-ix86+x86_64 | 2.0 | 18.00 | 100.00 | 118.00 | OK | |
r-oldrel-macos-x86_64 | 2.0 | OK | ||||
r-oldrel-windows-ix86+x86_64 | 2.0 | 22.00 | 94.00 | 116.00 | OK |
Version: 2.0
Check: package dependencies
Result: ERROR
Package required but not available: ‘R2jags’
See section ‘The DESCRIPTION file’ in the ‘Writing R Extensions’
manual.
Flavor: r-release-macos-arm64