Last updated on 2021-07-01 01:49:07 CEST.
Flavor | Version | Tinstall | Tcheck | Ttotal | Status | Flags |
---|---|---|---|---|---|---|
r-devel-linux-x86_64-debian-clang | 1.0.7 | 121.53 | 76.36 | 197.89 | NOTE | |
r-devel-linux-x86_64-debian-gcc | 1.0.7 | 80.40 | 55.27 | 135.67 | NOTE | |
r-devel-linux-x86_64-fedora-clang | 1.0.7 | 270.00 | NOTE | |||
r-devel-linux-x86_64-fedora-gcc | 1.0.7 | 240.29 | NOTE | |||
r-devel-windows-x86_64 | 1.0.7 | 105.00 | 92.00 | 197.00 | NOTE | |
r-devel-windows-x86_64-gcc10-UCRT | 1.0.7 | NOTE | ||||
r-patched-linux-x86_64 | 1.0.7 | 77.34 | 69.74 | 147.08 | NOTE | |
r-patched-solaris-x86 | 1.0.7 | 243.50 | NOTE | |||
r-release-linux-x86_64 | 1.0.7 | 87.91 | 70.25 | 158.16 | NOTE | |
r-release-macos-arm64 | 1.0.7 | NOTE | ||||
r-release-macos-x86_64 | 1.0.7 | NOTE | ||||
r-release-windows-ix86+x86_64 | 1.0.7 | 262.00 | 132.00 | 394.00 | NOTE | |
r-oldrel-macos-x86_64 | 1.0.7 | NOTE | ||||
r-oldrel-windows-ix86+x86_64 | 1.0.7 | 265.00 | 122.00 | 387.00 | OK |
Version: 1.0.7
Check: LazyData
Result: NOTE
'LazyData' is specified without a 'data' directory
Flavors: r-devel-linux-x86_64-debian-clang, r-devel-linux-x86_64-debian-gcc, r-devel-linux-x86_64-fedora-clang, r-devel-linux-x86_64-fedora-gcc, r-devel-windows-x86_64, r-devel-windows-x86_64-gcc10-UCRT, r-patched-linux-x86_64, r-patched-solaris-x86, r-release-linux-x86_64, r-release-macos-arm64, r-release-macos-x86_64, r-release-windows-ix86+x86_64
Version: 1.0.7
Check: installed package size
Result: NOTE
installed size is 5.7Mb
sub-directories of 1Mb or more:
libs 5.4Mb
Flavors: r-devel-linux-x86_64-fedora-clang, r-release-macos-arm64, r-release-macos-x86_64, r-oldrel-macos-x86_64