Last updated on 2021-07-01 01:49:08 CEST.
Flavor | Version | Tinstall | Tcheck | Ttotal | Status | Flags |
---|---|---|---|---|---|---|
r-devel-linux-x86_64-debian-clang | 0.2.0 | 279.50 | 197.04 | 476.54 | OK | |
r-devel-linux-x86_64-debian-gcc | 0.2.0 | 199.47 | 149.27 | 348.74 | OK | |
r-devel-linux-x86_64-fedora-clang | 0.2.0 | 652.85 | NOTE | |||
r-devel-linux-x86_64-fedora-gcc | 0.2.0 | 615.13 | OK | |||
r-devel-windows-x86_64 | 0.2.0 | 256.00 | 232.00 | 488.00 | OK | |
r-devel-windows-x86_64-gcc10-UCRT | 0.2.0 | OK | ||||
r-patched-linux-x86_64 | 0.2.0 | 233.06 | 190.77 | 423.83 | OK | |
r-patched-solaris-x86 | 0.2.0 | 567.70 | OK | |||
r-release-linux-x86_64 | 0.2.0 | 231.91 | 190.01 | 421.92 | OK | |
r-release-macos-arm64 | 0.2.0 | NOTE | ||||
r-release-macos-x86_64 | 0.2.0 | NOTE | ||||
r-release-windows-ix86+x86_64 | 0.2.0 | 497.00 | 252.00 | 749.00 | OK | |
r-oldrel-macos-x86_64 | 0.2.0 | NOTE | ||||
r-oldrel-windows-ix86+x86_64 | 0.2.0 | 639.00 | 259.00 | 898.00 | OK |
Version: 0.2.0
Check: installed package size
Result: NOTE
installed size is 16.6Mb
sub-directories of 1Mb or more:
libs 15.4Mb
Flavors: r-devel-linux-x86_64-fedora-clang, r-release-macos-arm64, r-release-macos-x86_64, r-oldrel-macos-x86_64