Last updated on 2021-07-01 01:49:08 CEST.
Flavor | Version | Tinstall | Tcheck | Ttotal | Status | Flags |
---|---|---|---|---|---|---|
r-devel-linux-x86_64-debian-clang | 0.2.2 | 9.64 | 98.11 | 107.75 | OK | |
r-devel-linux-x86_64-debian-gcc | 0.2.2 | 8.27 | 72.23 | 80.50 | OK | |
r-devel-linux-x86_64-fedora-clang | 0.2.2 | 133.58 | NOTE | |||
r-devel-linux-x86_64-fedora-gcc | 0.2.2 | 121.29 | NOTE | |||
r-devel-windows-x86_64 | 0.2.2 | 11.00 | 116.00 | 127.00 | OK | |
r-devel-windows-x86_64-gcc10-UCRT | 0.2.2 | NOTE | ||||
r-patched-linux-x86_64 | 0.2.2 | 7.17 | 89.46 | 96.63 | OK | |
r-patched-solaris-x86 | 0.2.2 | 177.00 | NOTE | |||
r-release-linux-x86_64 | 0.2.2 | 8.11 | 89.91 | 98.02 | OK | |
r-release-macos-arm64 | 0.2.2 | NOTE | ||||
r-release-macos-x86_64 | 0.2.2 | NOTE | ||||
r-release-windows-ix86+x86_64 | 0.2.2 | 24.00 | 115.00 | 139.00 | OK | |
r-oldrel-macos-x86_64 | 0.2.2 | NOTE | ||||
r-oldrel-windows-ix86+x86_64 | 0.2.2 | 27.00 | 98.00 | 125.00 | OK |
Version: 0.2.2
Check: dependencies in R code
Result: NOTE
Namespace in Imports field not imported from: ‘markdown’
All declared Imports should be used.
Flavors: r-devel-linux-x86_64-fedora-clang, r-devel-linux-x86_64-fedora-gcc, r-devel-windows-x86_64-gcc10-UCRT, r-patched-solaris-x86, r-release-macos-arm64, r-release-macos-x86_64, r-oldrel-macos-x86_64