CRAN Package Check Results for Package calmate

Last updated on 2021-07-01 01:49:08 CEST.

Flavor Version Tinstall Tcheck Ttotal Status Flags
r-devel-linux-x86_64-debian-clang 0.12.1 7.32 64.32 71.64 OK
r-devel-linux-x86_64-debian-gcc 0.12.1 5.01 48.66 53.67 OK
r-devel-linux-x86_64-fedora-clang 0.12.1 90.78 OK
r-devel-linux-x86_64-fedora-gcc 0.12.1 81.38 OK
r-devel-windows-x86_64 0.12.1 7.00 84.00 91.00 OK
r-devel-windows-x86_64-gcc10-UCRT 0.12.1 OK
r-patched-linux-x86_64 0.12.1 4.14 60.57 64.71 OK
r-patched-solaris-x86 0.12.1 119.90 OK
r-release-linux-x86_64 0.12.1 4.92 61.46 66.38 OK
r-release-macos-arm64 0.12.1 ERROR
r-release-macos-x86_64 0.12.1 OK
r-release-windows-ix86+x86_64 0.12.1 9.00 73.00 82.00 OK
r-oldrel-macos-x86_64 0.12.1 OK
r-oldrel-windows-ix86+x86_64 0.12.1 14.00 82.00 96.00 OK

Check Details

Version: 0.12.1
Check: package dependencies
Result: ERROR
    Package required but not available: ‘aroma.core’
    
    See section ‘The DESCRIPTION file’ in the ‘Writing R Extensions’
    manual.
Flavor: r-release-macos-arm64