CRAN Package Check Results for Package cancerGI

Last updated on 2021-07-01 01:49:08 CEST.

Flavor Version Tinstall Tcheck Ttotal Status Flags
r-devel-linux-x86_64-debian-clang 1.0.0 11.69 112.64 124.33 NOTE
r-devel-linux-x86_64-debian-gcc 1.0.0 10.07 82.40 92.47 NOTE
r-devel-linux-x86_64-fedora-clang 1.0.0 156.12 NOTE
r-devel-linux-x86_64-fedora-gcc 1.0.0 142.34 NOTE
r-devel-windows-x86_64 1.0.0 14.00 138.00 152.00 OK
r-devel-windows-x86_64-gcc10-UCRT 1.0.0 OK
r-patched-linux-x86_64 1.0.0 11.68 102.40 114.08 NOTE
r-patched-solaris-x86 1.0.0 208.40 NOTE
r-release-linux-x86_64 1.0.0 10.62 103.09 113.71 NOTE
r-release-macos-arm64 1.0.0 ERROR
r-release-macos-x86_64 1.0.0 OK
r-release-windows-ix86+x86_64 1.0.0 29.00 125.00 154.00 OK
r-oldrel-macos-x86_64 1.0.0 OK
r-oldrel-windows-ix86+x86_64 1.0.0 30.00 138.00 168.00 OK

Check Details

Version: 1.0.0
Check: for non-standard things in the check directory
Result: NOTE
    Found the following files/directories:
     'tmp.txt'
Flavors: r-devel-linux-x86_64-debian-clang, r-devel-linux-x86_64-debian-gcc, r-devel-linux-x86_64-fedora-clang, r-devel-linux-x86_64-fedora-gcc, r-patched-linux-x86_64, r-patched-solaris-x86, r-release-linux-x86_64

Version: 1.0.0
Check: package dependencies
Result: ERROR
    Package required but not available: ‘qvalue’
    
    See section ‘The DESCRIPTION file’ in the ‘Writing R Extensions’
    manual.
Flavor: r-release-macos-arm64