Last updated on 2021-07-01 01:49:08 CEST.
Flavor | Version | Tinstall | Tcheck | Ttotal | Status | Flags |
---|---|---|---|---|---|---|
r-devel-linux-x86_64-debian-clang | 0.2.2 | 4.88 | 64.86 | 69.74 | NOTE | |
r-devel-linux-x86_64-debian-gcc | 0.2.2 | 3.55 | 48.30 | 51.85 | NOTE | |
r-devel-linux-x86_64-fedora-clang | 0.2.2 | 89.26 | NOTE | |||
r-devel-linux-x86_64-fedora-gcc | 0.2.2 | 78.36 | NOTE | |||
r-devel-windows-x86_64 | 0.2.2 | 7.00 | 83.00 | 90.00 | NOTE | |
r-devel-windows-x86_64-gcc10-UCRT | 0.2.2 | NOTE | ||||
r-patched-linux-x86_64 | 0.2.2 | 4.64 | 58.98 | 63.62 | NOTE | |
r-patched-solaris-x86 | 0.2.2 | 113.60 | NOTE | |||
r-release-linux-x86_64 | 0.2.2 | 4.44 | 59.05 | 63.49 | NOTE | |
r-release-macos-arm64 | 0.2.2 | NOTE | ||||
r-release-macos-x86_64 | 0.2.2 | NOTE | ||||
r-release-windows-ix86+x86_64 | 0.2.2 | 35.00 | 80.00 | 115.00 | NOTE | |
r-oldrel-macos-x86_64 | 0.2.2 | OK | ||||
r-oldrel-windows-ix86+x86_64 | 0.2.2 | 14.00 | 67.00 | 81.00 | OK |
Version: 0.2.2
Check: LazyData
Result: NOTE
'LazyData' is specified without a 'data' directory
Flavors: r-devel-linux-x86_64-debian-clang, r-devel-linux-x86_64-debian-gcc, r-devel-linux-x86_64-fedora-clang, r-devel-linux-x86_64-fedora-gcc, r-devel-windows-x86_64, r-devel-windows-x86_64-gcc10-UCRT, r-patched-linux-x86_64, r-patched-solaris-x86, r-release-linux-x86_64, r-release-macos-arm64, r-release-macos-x86_64, r-release-windows-ix86+x86_64