CRAN Package Check Results for Package cattonum

Last updated on 2021-07-01 01:49:08 CEST.

Flavor Version Tinstall Tcheck Ttotal Status Flags
r-devel-linux-x86_64-debian-clang 0.0.5 18.90 213.85 232.75 NOTE
r-devel-linux-x86_64-debian-gcc 0.0.5 12.35 168.59 180.94 NOTE
r-devel-linux-x86_64-fedora-clang 0.0.5 307.15 NOTE
r-devel-linux-x86_64-fedora-gcc 0.0.5 266.49 NOTE
r-devel-windows-x86_64 0.0.5 31.00 182.00 213.00 NOTE
r-devel-windows-x86_64-gcc10-UCRT 0.0.5 NOTE
r-patched-linux-x86_64 0.0.5 15.08 197.00 212.08 NOTE
r-patched-solaris-x86 0.0.5 835.20 NOTE
r-release-linux-x86_64 0.0.5 15.47 201.48 216.95 NOTE
r-release-macos-arm64 0.0.5 NOTE
r-release-macos-x86_64 0.0.5 NOTE
r-release-windows-ix86+x86_64 0.0.5 50.00 279.00 329.00 NOTE
r-oldrel-macos-x86_64 0.0.5 OK
r-oldrel-windows-ix86+x86_64 0.0.5 47.00 277.00 324.00 OK

Check Details

Version: 0.0.5
Check: LazyData
Result: NOTE
     'LazyData' is specified without a 'data' directory
Flavors: r-devel-linux-x86_64-debian-clang, r-devel-linux-x86_64-debian-gcc, r-devel-linux-x86_64-fedora-clang, r-devel-linux-x86_64-fedora-gcc, r-devel-windows-x86_64, r-devel-windows-x86_64-gcc10-UCRT, r-patched-linux-x86_64, r-patched-solaris-x86, r-release-linux-x86_64, r-release-macos-arm64, r-release-macos-x86_64, r-release-windows-ix86+x86_64