CRAN Package Check Results for Package causalweight

Last updated on 2021-07-01 01:49:08 CEST.

Flavor Version Tinstall Tcheck Ttotal Status Flags
r-devel-linux-x86_64-debian-clang 1.0.1 20.73 126.95 147.68 OK
r-devel-linux-x86_64-debian-gcc 1.0.1 13.98 95.81 109.79 OK
r-devel-linux-x86_64-fedora-clang 1.0.1 180.41 NOTE
r-devel-linux-x86_64-fedora-gcc 1.0.1 168.77 NOTE
r-devel-windows-x86_64 1.0.1 20.00 164.00 184.00 OK
r-devel-windows-x86_64-gcc10-UCRT 1.0.1 NOTE
r-patched-linux-x86_64 1.0.1 10.96 121.48 132.44 OK
r-patched-solaris-x86 1.0.1 240.80 NOTE
r-release-linux-x86_64 1.0.1 12.59 119.83 132.42 OK
r-release-macos-arm64 1.0.1 NOTE
r-release-macos-x86_64 1.0.1 NOTE
r-release-windows-ix86+x86_64 1.0.1 34.00 149.00 183.00 OK
r-oldrel-macos-x86_64 1.0.1 NOTE
r-oldrel-windows-ix86+x86_64 1.0.1 35.00 155.00 190.00 OK

Check Details

Version: 1.0.1
Check: data for non-ASCII characters
Result: NOTE
     Note: found 1 marked UTF-8 string
Flavors: r-devel-linux-x86_64-fedora-clang, r-devel-linux-x86_64-fedora-gcc, r-devel-windows-x86_64-gcc10-UCRT, r-patched-solaris-x86, r-release-macos-arm64, r-release-macos-x86_64, r-oldrel-macos-x86_64