CRAN Package Check Results for Package cccp

Last updated on 2021-07-01 01:49:08 CEST.

Flavor Version Tinstall Tcheck Ttotal Status Flags
r-devel-linux-x86_64-debian-clang 0.2-7 237.55 64.79 302.34 OK
r-devel-linux-x86_64-debian-gcc 0.2-7 174.54 47.20 221.74 OK
r-devel-linux-x86_64-fedora-clang 0.2-7 446.23 NOTE
r-devel-linux-x86_64-fedora-gcc 0.2-7 403.47 OK
r-devel-windows-x86_64 0.2-7 207.00 98.00 305.00 OK
r-devel-windows-x86_64-gcc10-UCRT 0.2-7 OK
r-patched-linux-x86_64 0.2-7 199.33 60.54 259.87 OK
r-patched-solaris-x86 0.2-7 348.70 OK
r-release-linux-x86_64 0.2-7 201.09 61.35 262.44 OK
r-release-macos-arm64 0.2-7 NOTE
r-release-macos-x86_64 0.2-7 NOTE
r-release-windows-ix86+x86_64 0.2-7 390.00 113.00 503.00 OK
r-oldrel-macos-x86_64 0.2-7 NOTE
r-oldrel-windows-ix86+x86_64 0.2-7 515.00 129.00 644.00 OK

Check Details

Version: 0.2-7
Check: installed package size
Result: NOTE
     installed size is 17.9Mb
     sub-directories of 1Mb or more:
     libs 17.5Mb
Flavors: r-devel-linux-x86_64-fedora-clang, r-release-macos-arm64, r-release-macos-x86_64, r-oldrel-macos-x86_64