Last updated on 2021-07-01 01:49:08 CEST.
Flavor | Version | Tinstall | Tcheck | Ttotal | Status | Flags |
---|---|---|---|---|---|---|
r-devel-linux-x86_64-debian-clang | 0.5-32 | 5.26 | 95.31 | 100.57 | OK | |
r-devel-linux-x86_64-debian-gcc | 0.5-32 | 3.33 | 67.26 | 70.59 | OK | |
r-devel-linux-x86_64-fedora-clang | 0.5-32 | 124.97 | NOTE | |||
r-devel-linux-x86_64-fedora-gcc | 0.5-32 | 114.41 | OK | |||
r-devel-windows-x86_64 | 0.5-32 | 7.00 | 134.00 | 141.00 | OK | |
r-devel-windows-x86_64-gcc10-UCRT | 0.5-32 | OK | ||||
r-patched-linux-x86_64 | 0.5-32 | 5.62 | 89.24 | 94.86 | OK | |
r-patched-solaris-x86 | 0.5-32 | 168.90 | OK | |||
r-release-linux-x86_64 | 0.5-32 | 5.25 | 90.18 | 95.43 | OK | |
r-release-macos-arm64 | 0.5-32 | OK | ||||
r-release-macos-x86_64 | 0.5-32 | OK | ||||
r-release-windows-ix86+x86_64 | 0.5-32 | 32.00 | 119.00 | 151.00 | OK | |
r-oldrel-macos-x86_64 | 0.5-32 | OK | ||||
r-oldrel-windows-ix86+x86_64 | 0.5-32 | 12.00 | 119.00 | 131.00 | OK |
Version: 0.5-32
Check: Rd cross-references
Result: NOTE
Undeclared package ‘sampleSelection’ in Rd xrefs
Flavor: r-devel-linux-x86_64-fedora-clang