Last updated on 2021-07-01 01:49:08 CEST.
Flavor | Version | Tinstall | Tcheck | Ttotal | Status | Flags |
---|---|---|---|---|---|---|
r-devel-linux-x86_64-debian-clang | 1.0.1 | 6.41 | 71.21 | 77.62 | NOTE | |
r-devel-linux-x86_64-debian-gcc | 1.0.1 | 5.61 | 53.84 | 59.45 | NOTE | |
r-devel-linux-x86_64-fedora-clang | 1.0.1 | 103.75 | NOTE | |||
r-devel-linux-x86_64-fedora-gcc | 1.0.1 | 94.92 | NOTE | |||
r-devel-windows-x86_64 | 1.0.1 | 7.00 | 97.00 | 104.00 | NOTE | |
r-devel-windows-x86_64-gcc10-UCRT | 1.0.1 | NOTE | ||||
r-patched-linux-x86_64 | 1.0.1 | 6.01 | 67.26 | 73.27 | NOTE | |
r-release-linux-x86_64 | 1.0.1 | 7.10 | 67.18 | 74.28 | NOTE | |
r-release-macos-arm64 | 1.0.1 | NOTE | ||||
r-release-macos-x86_64 | 1.0.1 | NOTE | ||||
r-release-windows-ix86+x86_64 | 1.0.1 | 20.00 | 82.00 | 102.00 | NOTE | |
r-oldrel-macos-x86_64 | 1.0.1 | OK | ||||
r-oldrel-windows-ix86+x86_64 | 1.0.1 | 16.00 | 81.00 | 97.00 | OK |
Version: 1.0.1
Check: LazyData
Result: NOTE
'LazyData' is specified without a 'data' directory
Flavors: r-devel-linux-x86_64-debian-clang, r-devel-linux-x86_64-debian-gcc, r-devel-linux-x86_64-fedora-clang, r-devel-linux-x86_64-fedora-gcc, r-devel-windows-x86_64, r-devel-windows-x86_64-gcc10-UCRT, r-patched-linux-x86_64, r-release-linux-x86_64, r-release-macos-arm64, r-release-macos-x86_64, r-release-windows-ix86+x86_64