Last updated on 2021-07-01 01:49:08 CEST.
Flavor | Version | Tinstall | Tcheck | Ttotal | Status | Flags |
---|---|---|---|---|---|---|
r-devel-linux-x86_64-debian-clang | 2.1.0 | 19.34 | 145.53 | 164.87 | OK | |
r-devel-linux-x86_64-debian-gcc | 2.1.0 | 13.28 | 109.37 | 122.65 | OK | |
r-devel-linux-x86_64-fedora-clang | 2.1.0 | 202.32 | NOTE | |||
r-devel-linux-x86_64-fedora-gcc | 2.1.0 | 193.66 | NOTE | |||
r-devel-windows-x86_64 | 2.1.0 | 17.00 | 183.00 | 200.00 | OK | |
r-devel-windows-x86_64-gcc10-UCRT | 2.1.0 | NOTE | ||||
r-patched-linux-x86_64 | 2.1.0 | 15.22 | 135.86 | 151.08 | OK | |
r-patched-solaris-x86 | 2.1.0 | 317.20 | NOTE | |||
r-release-linux-x86_64 | 2.1.0 | 13.91 | 135.87 | 149.78 | OK | |
r-release-macos-arm64 | 2.1.0 | NOTE | ||||
r-release-macos-x86_64 | 2.1.0 | NOTE | ||||
r-release-windows-ix86+x86_64 | 2.1.0 | 38.00 | 178.00 | 216.00 | OK | |
r-oldrel-macos-x86_64 | 2.1.0 | NOTE | ||||
r-oldrel-windows-ix86+x86_64 | 2.1.0 | 32.00 | 149.00 | 181.00 | OK |
Version: 2.1.0
Check: dependencies in R code
Result: NOTE
Namespace in Imports field not imported from: ‘shinyBS’
All declared Imports should be used.
Flavors: r-devel-linux-x86_64-fedora-clang, r-devel-linux-x86_64-fedora-gcc, r-devel-windows-x86_64-gcc10-UCRT, r-patched-solaris-x86, r-release-macos-arm64, r-release-macos-x86_64, r-oldrel-macos-x86_64
Version: 2.1.0
Check: data for non-ASCII characters
Result: NOTE
Note: found 29 marked UTF-8 strings
Flavors: r-devel-linux-x86_64-fedora-clang, r-devel-linux-x86_64-fedora-gcc, r-devel-windows-x86_64-gcc10-UCRT, r-patched-solaris-x86, r-release-macos-arm64, r-release-macos-x86_64, r-oldrel-macos-x86_64