Last updated on 2021-07-01 01:49:08 CEST.
Flavor | Version | Tinstall | Tcheck | Ttotal | Status | Flags |
---|---|---|---|---|---|---|
r-devel-linux-x86_64-debian-clang | 1.2.1 | 36.13 | 28.33 | 64.46 | NOTE | |
r-devel-linux-x86_64-debian-gcc | 1.2.1 | 22.84 | 22.21 | 45.05 | NOTE | |
r-devel-linux-x86_64-fedora-clang | 1.2.1 | 100.82 | NOTE | |||
r-devel-linux-x86_64-fedora-gcc | 1.2.1 | 78.48 | NOTE | |||
r-devel-windows-x86_64 | 1.2.1 | 34.00 | 62.00 | 96.00 | NOTE | |
r-devel-windows-x86_64-gcc10-UCRT | 1.2.1 | NOTE | ||||
r-patched-linux-x86_64 | 1.2.1 | 30.61 | 27.12 | 57.73 | NOTE | |
r-patched-solaris-x86 | 1.2.1 | 92.20 | NOTE | |||
r-release-linux-x86_64 | 1.2.1 | 27.34 | 27.31 | 54.65 | NOTE | |
r-release-macos-arm64 | 1.2.1 | NOTE | ||||
r-release-macos-x86_64 | 1.2.1 | NOTE | ||||
r-release-windows-ix86+x86_64 | 1.2.1 | 67.00 | 72.00 | 139.00 | NOTE | |
r-oldrel-macos-x86_64 | 1.2.1 | OK | ||||
r-oldrel-windows-ix86+x86_64 | 1.2.1 | 88.00 | 76.00 | 164.00 | NOTE |
Version: 1.2.1
Check: LazyData
Result: NOTE
'LazyData' is specified without a 'data' directory
Flavors: r-devel-linux-x86_64-debian-clang, r-devel-linux-x86_64-debian-gcc, r-devel-linux-x86_64-fedora-clang, r-devel-linux-x86_64-fedora-gcc, r-devel-windows-x86_64, r-devel-windows-x86_64-gcc10-UCRT, r-patched-linux-x86_64, r-patched-solaris-x86, r-release-linux-x86_64, r-release-macos-arm64, r-release-macos-x86_64, r-release-windows-ix86+x86_64
Version: 1.2.1
Check: installed package size
Result: NOTE
installed size is 5.4Mb
sub-directories of 1Mb or more:
libs 5.4Mb
Flavors: r-release-windows-ix86+x86_64, r-oldrel-windows-ix86+x86_64