Last updated on 2021-07-01 01:49:08 CEST.
Flavor | Version | Tinstall | Tcheck | Ttotal | Status | Flags |
---|---|---|---|---|---|---|
r-devel-linux-x86_64-debian-clang | 1.4.1 | 69.31 | 26.71 | 96.02 | NOTE | |
r-devel-linux-x86_64-debian-gcc | 1.4.1 | 44.37 | 20.36 | 64.73 | NOTE | |
r-devel-linux-x86_64-fedora-clang | 1.4.1 | 158.05 | NOTE | |||
r-devel-linux-x86_64-fedora-gcc | 1.4.1 | 118.48 | NOTE | |||
r-devel-windows-x86_64 | 1.4.1 | 66.00 | 63.00 | 129.00 | NOTE | |
r-devel-windows-x86_64-gcc10-UCRT | 1.4.1 | NOTE | ||||
r-patched-linux-x86_64 | 1.4.1 | 54.86 | 25.33 | 80.19 | NOTE | |
r-patched-solaris-x86 | 1.4.1 | 111.80 | NOTE | |||
r-release-linux-x86_64 | 1.4.1 | 54.39 | 25.17 | 79.56 | NOTE | |
r-release-macos-arm64 | 1.4.1 | NOTE | ||||
r-release-macos-x86_64 | 1.4.1 | NOTE | ||||
r-release-windows-ix86+x86_64 | 1.4.1 | 121.00 | 70.00 | 191.00 | NOTE | |
r-oldrel-macos-x86_64 | 1.4.1 | NOTE | ||||
r-oldrel-windows-ix86+x86_64 | 1.4.1 | 160.00 | 75.00 | 235.00 | OK |
Version: 1.4.1
Check: LazyData
Result: NOTE
'LazyData' is specified without a 'data' directory
Flavors: r-devel-linux-x86_64-debian-clang, r-devel-linux-x86_64-debian-gcc, r-devel-linux-x86_64-fedora-clang, r-devel-linux-x86_64-fedora-gcc, r-devel-windows-x86_64, r-devel-windows-x86_64-gcc10-UCRT, r-patched-linux-x86_64, r-patched-solaris-x86, r-release-linux-x86_64, r-release-macos-arm64, r-release-macos-x86_64, r-release-windows-ix86+x86_64
Version: 1.4.1
Check: installed package size
Result: NOTE
installed size is 5.3Mb
sub-directories of 1Mb or more:
libs 5.2Mb
Flavors: r-devel-linux-x86_64-fedora-clang, r-release-macos-arm64, r-release-macos-x86_64, r-oldrel-macos-x86_64