Last updated on 2021-07-01 01:49:08 CEST.
Flavor | Version | Tinstall | Tcheck | Ttotal | Status | Flags |
---|---|---|---|---|---|---|
r-devel-linux-x86_64-debian-clang | 0.1.1 | 3.47 | 96.87 | 100.34 | NOTE | |
r-devel-linux-x86_64-debian-gcc | 0.1.1 | 2.66 | 67.46 | 70.12 | NOTE | |
r-devel-linux-x86_64-fedora-clang | 0.1.1 | 122.16 | NOTE | |||
r-devel-linux-x86_64-fedora-gcc | 0.1.1 | 113.50 | NOTE | |||
r-devel-windows-x86_64 | 0.1.1 | 4.00 | 121.00 | 125.00 | NOTE | |
r-devel-windows-x86_64-gcc10-UCRT | 0.1.1 | NOTE | ||||
r-patched-linux-x86_64 | 0.1.1 | 3.20 | 89.06 | 92.26 | NOTE | |
r-patched-solaris-x86 | 0.1.1 | 136.70 | NOTE | |||
r-release-linux-x86_64 | 0.1.1 | 3.06 | 89.57 | 92.63 | NOTE | |
r-release-macos-arm64 | 0.1.1 | NOTE | ||||
r-release-macos-x86_64 | 0.1.1 | NOTE | ||||
r-release-windows-ix86+x86_64 | 0.1.1 | 6.00 | 108.00 | 114.00 | NOTE | |
r-oldrel-macos-x86_64 | 0.1.1 | OK | ||||
r-oldrel-windows-ix86+x86_64 | 0.1.1 | 7.00 | 117.00 | 124.00 | NOTE |
Version: 0.1.1
Check: LazyData
Result: NOTE
'LazyData' is specified without a 'data' directory
Flavors: r-devel-linux-x86_64-debian-clang, r-devel-linux-x86_64-debian-gcc, r-devel-linux-x86_64-fedora-clang, r-devel-linux-x86_64-fedora-gcc, r-devel-windows-x86_64, r-devel-windows-x86_64-gcc10-UCRT, r-patched-linux-x86_64, r-patched-solaris-x86, r-release-linux-x86_64, r-release-macos-arm64, r-release-macos-x86_64, r-release-windows-ix86+x86_64
Version: 0.1.1
Check: package vignettes
Result: NOTE
Package vignette with placeholder title 'Vignette Title':
'my-vignette.Rmd'
Flavors: r-devel-linux-x86_64-debian-clang, r-devel-linux-x86_64-debian-gcc, r-devel-windows-x86_64, r-patched-linux-x86_64, r-release-linux-x86_64, r-release-windows-ix86+x86_64, r-oldrel-windows-ix86+x86_64