CRAN Package Check Results for Package cleanr

Last updated on 2021-07-01 01:49:08 CEST.

Flavor Version Tinstall Tcheck Ttotal Status Flags
r-devel-linux-x86_64-debian-clang 1.3.2 2.33 40.37 42.70 OK
r-devel-linux-x86_64-debian-gcc 1.3.2 2.14 27.05 29.19 OK
r-devel-linux-x86_64-fedora-clang 1.3.2 60.27 NOTE
r-devel-linux-x86_64-fedora-gcc 1.3.2 49.77 NOTE
r-devel-windows-x86_64 1.3.2 4.00 66.00 70.00 OK
r-devel-windows-x86_64-gcc10-UCRT 1.3.2 NOTE
r-patched-linux-x86_64 1.3.2 2.96 38.65 41.61 OK
r-patched-solaris-x86 1.3.2 62.90 NOTE
r-release-linux-x86_64 1.3.2 2.75 38.76 41.51 OK
r-release-macos-arm64 1.3.2 NOTE
r-release-macos-x86_64 1.3.2 NOTE
r-release-windows-ix86+x86_64 1.3.2 5.00 64.00 69.00 OK
r-oldrel-macos-x86_64 1.3.2 NOTE
r-oldrel-windows-ix86+x86_64 1.3.2 8.00 55.00 63.00 OK

Check Details

Version: 1.3.2
Check: dependencies in R code
Result: NOTE
    Namespace in Imports field not imported from: ‘fritools’
     All declared Imports should be used.
Flavors: r-devel-linux-x86_64-fedora-clang, r-devel-linux-x86_64-fedora-gcc, r-devel-windows-x86_64-gcc10-UCRT, r-patched-solaris-x86, r-release-macos-arm64, r-release-macos-x86_64, r-oldrel-macos-x86_64