CRAN Package Check Results for Package clusternomics

Last updated on 2021-07-01 01:49:08 CEST.

Flavor Version Tinstall Tcheck Ttotal Status Flags
r-devel-linux-x86_64-debian-clang 0.1.1 3.47 763.38 766.85 NOTE
r-devel-linux-x86_64-debian-gcc 0.1.1 3.16 470.09 473.25 NOTE
r-devel-linux-x86_64-fedora-clang 0.1.1 858.67 NOTE
r-devel-linux-x86_64-fedora-gcc 0.1.1 813.35 NOTE
r-devel-windows-x86_64 0.1.1 4.00 54.00 58.00 NOTE --no-examples --no-tests --no-vignettes
r-devel-windows-x86_64-gcc10-UCRT 0.1.1 NOTE
r-patched-linux-x86_64 0.1.1 4.34 699.17 703.51 NOTE
r-patched-solaris-x86 0.1.1 953.90 NOTE
r-release-linux-x86_64 0.1.1 3.38 688.02 691.40 NOTE
r-release-macos-arm64 0.1.1 NOTE
r-release-macos-x86_64 0.1.1 NOTE
r-release-windows-ix86+x86_64 0.1.1 6.00 63.00 69.00 NOTE --no-examples --no-tests --no-vignettes
r-oldrel-macos-x86_64 0.1.1 OK
r-oldrel-windows-ix86+x86_64 0.1.1 8.00 52.00 60.00 OK --no-examples --no-tests --no-vignettes

Check Details

Version: 0.1.1
Check: LazyData
Result: NOTE
     'LazyData' is specified without a 'data' directory
Flavors: r-devel-linux-x86_64-debian-clang, r-devel-linux-x86_64-debian-gcc, r-devel-linux-x86_64-fedora-clang, r-devel-linux-x86_64-fedora-gcc, r-devel-windows-x86_64-gcc10-UCRT, r-patched-linux-x86_64, r-patched-solaris-x86, r-release-linux-x86_64, r-release-macos-arm64, r-release-macos-x86_64

Version: 0.1.1
Flags: --no-examples --no-tests --no-vignettes
Check: LazyData
Result: NOTE
     'LazyData' is specified without a 'data' directory
Flavors: r-devel-windows-x86_64, r-release-windows-ix86+x86_64